{"id":572882,"date":"2021-09-22T04:45:42","date_gmt":"2021-09-22T04:45:42","guid":{"rendered":"https:\/\/aukinkochile.com\/web\/producto\/cocina-mueble-set-5-pz\/"},"modified":"2025-11-06T20:08:30","modified_gmt":"2025-11-06T20:08:30","slug":"cocina-mueble-set-5-pz","status":"publish","type":"product","link":"https:\/\/aukinkochile.com\/web\/producto\/cocina-mueble-set-5-pz\/","title":{"rendered":"Cocina Muebles Madera set 5 pz"},"content":{"rendered":"<p>Hermoso set de cocina de alta calidad fabricado en madera natural para pasar horas de diversi\u00f3n, muy f\u00e1cil de armar. Incluye 5 muebles: cocina, refrigerador, lavaplatos, microondas, lavadora y cocina. Fabricado en madera de alta calidad y finas terminaciones. La cocina contiene accesorios: 2 cucharas, olla, sart\u00e9n, huevo y saleros. Completa el set de la casa con la cocina, el lavadero y un mueble para guardar. De gran calidad y dise\u00f1o. Los juegos de imitaci\u00f3n son ideales para estimular la imaginaci\u00f3n, desarrollar habilidades sociales y f\u00edsicas y mucho m\u00e1s, de una forma muy entretenida. Promueven la interacci\u00f3n entre ni\u00f1os y adultos. Fabricado en material suave y resistente. <\/p>\n<p><p><strong>Material : <\/strong> Madera<\/p>\n<p><strong>C\u00f3digo Aukinko : <\/strong> 18-250997<\/p>\n<p><strong>C\u00f3digo Convenio Marco : <\/strong> x<\/p>\n","protected":false},"excerpt":{"rendered":"<p>Hermoso set de cocina de alta calidad fabricado en madera natural para pasar horas de diversi\u00f3n, muy f\u00e1cil de armar. Incluye 5 muebles: cocina, refrigerador, lavaplatos, microondas, lavadora y cocina. Fabricado en madera de alta calidad y finas terminaciones. La cocina contiene accesorios: 2 cucharas, olla, sart\u00e9n, huevo y saleros. Completa el set de la [&hellip;]<\/p>\n","protected":false},"featured_media":625051,"comment_status":"open","ping_status":"closed","template":"","meta":{"_et_pb_use_builder":"","_et_pb_old_content":"","_et_gb_content_width":""},"product_brand":[],"product_cat":[91,17],"product_tag":[],"class_list":{"0":"post-572882","1":"product","2":"type-product","3":"status-publish","4":"has-post-thumbnail","6":"product_cat-accesorios-sala","7":"product_cat-juegos-de-rol","8":"pa_edad-2-a-3-anos","9":"pa_edad-3-a-4-anos","10":"pa_edad-4-a-5-anos","11":"pa_edad-5-a-6-anos","12":"pa_edad-6-a-8-anos","13":"pa_marca-viga","14":"pa_medidas-36-x-24-x-27-cm-microondas","15":"pa_medidas-53-x-40-x-34-cm-lavaplatos","16":"pa_medidas-79-x-40-x-34-cm-refrigerador","17":"pa_medidas-lavadora-y-cocina","19":"first","20":"instock","21":"shipping-taxable","22":"purchasable","23":"product-type-simple"},"aioseo_notices":[],"_links":{"self":[{"href":"https:\/\/aukinkochile.com\/web\/wp-json\/wp\/v2\/product\/572882","targetHints":{"allow":["GET"]}}],"collection":[{"href":"https:\/\/aukinkochile.com\/web\/wp-json\/wp\/v2\/product"}],"about":[{"href":"https:\/\/aukinkochile.com\/web\/wp-json\/wp\/v2\/types\/product"}],"replies":[{"embeddable":true,"href":"https:\/\/aukinkochile.com\/web\/wp-json\/wp\/v2\/comments?post=572882"}],"wp:featuredmedia":[{"embeddable":true,"href":"https:\/\/aukinkochile.com\/web\/wp-json\/wp\/v2\/media\/625051"}],"wp:attachment":[{"href":"https:\/\/aukinkochile.com\/web\/wp-json\/wp\/v2\/media?parent=572882"}],"wp:term":[{"taxonomy":"product_brand","embeddable":true,"href":"https:\/\/aukinkochile.com\/web\/wp-json\/wp\/v2\/product_brand?post=572882"},{"taxonomy":"product_cat","embeddable":true,"href":"https:\/\/aukinkochile.com\/web\/wp-json\/wp\/v2\/product_cat?post=572882"},{"taxonomy":"product_tag","embeddable":true,"href":"https:\/\/aukinkochile.com\/web\/wp-json\/wp\/v2\/product_tag?post=572882"}],"curies":[{"name":"wp","href":"https:\/\/api.w.org\/{rel}","templated":true}]}}