{"id":572676,"date":"2021-09-22T04:44:49","date_gmt":"2021-09-22T04:44:49","guid":{"rendered":"https:\/\/aukinkochile.com\/web\/producto\/lanzar-argollas\/"},"modified":"2025-11-06T20:07:17","modified_gmt":"2025-11-06T20:07:17","slug":"lanzar-argollas","status":"publish","type":"product","link":"https:\/\/aukinkochile.com\/web\/producto\/lanzar-argollas\/","title":{"rendered":"Lanzar Argollas Madera"},"content":{"rendered":"<p>Entretenido juego de lanzamiento de argollas para pasar horas de diversi\u00f3n. Incluye 5 clavijas con diferentes animales en sus extremos, y 5 anillos con diferentes colores. Un juego divertido para compartir en familia y con amigos. La base de las clavijas se puede usar de dos maneras diferentes. Ideal para el desarrollo de la motricidad gruesa, la coordinaci\u00f3n mano-ojo y mucho m\u00e1s. De excelente dise\u00f1o y calidad. Fabricado en material suave y resistente.<\/p>\n<p><p><strong>Material : <\/strong> Madera<\/p>\n<p><strong>C\u00f3digo Aukinko : <\/strong> 18-250174<\/p>\n<p><strong>C\u00f3digo Convenio Marco : <\/strong> x<\/p>\n","protected":false},"excerpt":{"rendered":"<p>Entretenido juego de lanzamiento de argollas para pasar horas de diversi\u00f3n. Incluye 5 clavijas con diferentes animales en sus extremos, y 5 anillos con diferentes colores. Un juego divertido para compartir en familia y con amigos. La base de las clavijas se puede usar de dos maneras diferentes. Ideal para el desarrollo de la motricidad [&hellip;]<\/p>\n","protected":false},"featured_media":624938,"comment_status":"open","ping_status":"closed","template":"","meta":{"_et_pb_use_builder":"","_et_pb_old_content":"","_et_gb_content_width":""},"product_brand":[],"product_cat":[1005,91,18],"product_tag":[],"class_list":{"0":"post-572676","1":"product","2":"type-product","3":"status-publish","4":"has-post-thumbnail","6":"product_cat-accesorios-patio","7":"product_cat-accesorios-sala","8":"product_cat-motricidad-gruesa","9":"pa_edad-10-anos","10":"pa_edad-3-a-4-anos","11":"pa_edad-4-a-5-anos","12":"pa_edad-5-a-6-anos","13":"pa_edad-6-a-8-anos","14":"pa_edad-8-a-10-anos","15":"pa_marca-viga","16":"pa_medidas-26-x-5-x-32","17":"pa_medidas-5-cm","19":"first","20":"instock","21":"shipping-taxable","22":"purchasable","23":"product-type-simple"},"aioseo_notices":[],"_links":{"self":[{"href":"https:\/\/aukinkochile.com\/web\/wp-json\/wp\/v2\/product\/572676","targetHints":{"allow":["GET"]}}],"collection":[{"href":"https:\/\/aukinkochile.com\/web\/wp-json\/wp\/v2\/product"}],"about":[{"href":"https:\/\/aukinkochile.com\/web\/wp-json\/wp\/v2\/types\/product"}],"replies":[{"embeddable":true,"href":"https:\/\/aukinkochile.com\/web\/wp-json\/wp\/v2\/comments?post=572676"}],"wp:featuredmedia":[{"embeddable":true,"href":"https:\/\/aukinkochile.com\/web\/wp-json\/wp\/v2\/media\/624938"}],"wp:attachment":[{"href":"https:\/\/aukinkochile.com\/web\/wp-json\/wp\/v2\/media?parent=572676"}],"wp:term":[{"taxonomy":"product_brand","embeddable":true,"href":"https:\/\/aukinkochile.com\/web\/wp-json\/wp\/v2\/product_brand?post=572676"},{"taxonomy":"product_cat","embeddable":true,"href":"https:\/\/aukinkochile.com\/web\/wp-json\/wp\/v2\/product_cat?post=572676"},{"taxonomy":"product_tag","embeddable":true,"href":"https:\/\/aukinkochile.com\/web\/wp-json\/wp\/v2\/product_tag?post=572676"}],"curies":[{"name":"wp","href":"https:\/\/api.w.org\/{rel}","templated":true}]}}