{"id":572596,"date":"2021-09-22T04:44:31","date_gmt":"2021-09-22T04:44:31","guid":{"rendered":"https:\/\/aukinkochile.com\/web\/producto\/puzle-madera-tarugo-4-pz-ninos\/"},"modified":"2025-11-06T19:01:17","modified_gmt":"2025-11-06T19:01:17","slug":"puzle-madera-tarugo-4-pz-ninos","status":"publish","type":"product","link":"https:\/\/aukinkochile.com\/web\/producto\/puzle-madera-tarugo-4-pz-ninos\/","title":{"rendered":"Puzle Madera Tarugo 4 pz Ni\u00f1os"},"content":{"rendered":"<p>Hermoso puzle plano con tarugo de tama\u00f1o adecuado para las peque\u00f1as manos. Debajo de cada pieza hay im\u00e1genes que ayudan a ni\u00f1os y ni\u00f1as a combinar y memorizar mejor las caracter\u00edsticas de los divertidos personajes. Ideal para estimular el desarrollo de la observaci\u00f3n y el pensamiento l\u00f3gico. Puzle educativo que desarrolla la coordinaci\u00f3n mano-ojo, el lenguaje y la motricidad fina de una forma muy entretenida. Fabricado en material suave y resistente.<\/p>\n<p><p><strong>Material : <\/strong> Madera<\/p>\n<p><strong>C\u00f3digo Aukinko : <\/strong> 18-244536<\/p>\n<p><strong>C\u00f3digo Convenio Marco : <\/strong> x<\/p>\n","protected":false},"excerpt":{"rendered":"<p>Hermoso puzle plano con tarugo de tama\u00f1o adecuado para las peque\u00f1as manos. Debajo de cada pieza hay im\u00e1genes que ayudan a ni\u00f1os y ni\u00f1as a combinar y memorizar mejor las caracter\u00edsticas de los divertidos personajes. Ideal para estimular el desarrollo de la observaci\u00f3n y el pensamiento l\u00f3gico. Puzle educativo que desarrolla la coordinaci\u00f3n mano-ojo, el [&hellip;]<\/p>\n","protected":false},"featured_media":624846,"comment_status":"open","ping_status":"closed","template":"","meta":{"_et_pb_use_builder":"","_et_pb_old_content":"","_et_gb_content_width":""},"product_brand":[],"product_cat":[91,20,22],"product_tag":[],"class_list":{"0":"post-572596","1":"product","2":"type-product","3":"status-publish","4":"has-post-thumbnail","6":"product_cat-accesorios-sala","7":"product_cat-motricidad-fina","8":"product_cat-puzzles","9":"pa_edad-2-a-3-anos","10":"pa_edad-3-a-4-anos","11":"pa_edad-4-a-5-anos","12":"pa_marca-viga","13":"pa_medidas-30-x-7","14":"pa_medidas-5-cm","15":"pa_medidas-5-x-32","17":"first","18":"instock","19":"shipping-taxable","20":"purchasable","21":"product-type-simple"},"aioseo_notices":[],"_links":{"self":[{"href":"https:\/\/aukinkochile.com\/web\/wp-json\/wp\/v2\/product\/572596","targetHints":{"allow":["GET"]}}],"collection":[{"href":"https:\/\/aukinkochile.com\/web\/wp-json\/wp\/v2\/product"}],"about":[{"href":"https:\/\/aukinkochile.com\/web\/wp-json\/wp\/v2\/types\/product"}],"replies":[{"embeddable":true,"href":"https:\/\/aukinkochile.com\/web\/wp-json\/wp\/v2\/comments?post=572596"}],"wp:featuredmedia":[{"embeddable":true,"href":"https:\/\/aukinkochile.com\/web\/wp-json\/wp\/v2\/media\/624846"}],"wp:attachment":[{"href":"https:\/\/aukinkochile.com\/web\/wp-json\/wp\/v2\/media?parent=572596"}],"wp:term":[{"taxonomy":"product_brand","embeddable":true,"href":"https:\/\/aukinkochile.com\/web\/wp-json\/wp\/v2\/product_brand?post=572596"},{"taxonomy":"product_cat","embeddable":true,"href":"https:\/\/aukinkochile.com\/web\/wp-json\/wp\/v2\/product_cat?post=572596"},{"taxonomy":"product_tag","embeddable":true,"href":"https:\/\/aukinkochile.com\/web\/wp-json\/wp\/v2\/product_tag?post=572596"}],"curies":[{"name":"wp","href":"https:\/\/api.w.org\/{rel}","templated":true}]}}