{"id":572582,"date":"2021-09-22T04:44:28","date_gmt":"2021-09-22T04:44:28","guid":{"rendered":"https:\/\/aukinkochile.com\/web\/producto\/comida-alimentos-madera-set-12-pz\/"},"modified":"2025-11-06T19:00:41","modified_gmt":"2025-11-06T19:00:41","slug":"comida-alimentos-madera-set-12-pz","status":"publish","type":"product","link":"https:\/\/aukinkochile.com\/web\/producto\/comida-alimentos-madera-set-12-pz\/","title":{"rendered":"Comida Madera Alimentos set 12 pz"},"content":{"rendered":"<p>Divertido juego de alimentos y envases hechos de madera de caucho natural y libre de qu\u00edmicos. Contiene 12 envases de alimentos y bebidas que estimulara la imaginaci\u00f3n y el pensamiento critico, as\u00ed como mejorara las habilidades sociales y ling\u00fc\u00edsticas de los mas peque\u00f1os. Incluye: 1 botella agua (14 cm), 1 botella jugo, 1 botella bebida cola, 1 frasco Nutella, 1 frasco ali\u00f1o, 1 frasco k\u00e9tchup, 1 frasco mostaza, 1 caja cereal, 1 caja fideos, 1 caja papas fritas, 1 caja leche (5 x 5 x 6,9 cm), 1 caja galletas (3 x 11,6 x 9,1 cm). Fabricado en material suave y resistente. <\/p>\n<p><p><strong>Material : <\/strong> Madera<\/p>\n<p><strong>C\u00f3digo Aukinko : <\/strong> 18-244524<\/p>\n<p><strong>C\u00f3digo Convenio Marco : <\/strong> x<\/p>\n","protected":false},"excerpt":{"rendered":"<p>Divertido juego de alimentos y envases hechos de madera de caucho natural y libre de qu\u00edmicos. Contiene 12 envases de alimentos y bebidas que estimulara la imaginaci\u00f3n y el pensamiento critico, as\u00ed como mejorara las habilidades sociales y ling\u00fc\u00edsticas de los mas peque\u00f1os. Incluye: 1 botella agua (14 cm), 1 botella jugo, 1 botella bebida [&hellip;]<\/p>\n","protected":false},"featured_media":624839,"comment_status":"open","ping_status":"closed","template":"","meta":{"_et_pb_use_builder":"","_et_pb_old_content":"","_et_gb_content_width":""},"product_brand":[],"product_cat":[91,17],"product_tag":[],"class_list":{"0":"post-572582","1":"product","2":"type-product","3":"status-publish","4":"has-post-thumbnail","6":"product_cat-accesorios-sala","7":"product_cat-juegos-de-rol","8":"pa_edad-2-a-3-anos","9":"pa_edad-3-a-4-anos","10":"pa_edad-4-a-5-anos","11":"pa_edad-5-a-6-anos","12":"pa_edad-6-a-8-anos","13":"pa_marca-viga","14":"pa_medidas-33-x-6","15":"pa_medidas-5-x-23-cm-caja","17":"first","18":"instock","19":"shipping-taxable","20":"purchasable","21":"product-type-simple"},"aioseo_notices":[],"_links":{"self":[{"href":"https:\/\/aukinkochile.com\/web\/wp-json\/wp\/v2\/product\/572582","targetHints":{"allow":["GET"]}}],"collection":[{"href":"https:\/\/aukinkochile.com\/web\/wp-json\/wp\/v2\/product"}],"about":[{"href":"https:\/\/aukinkochile.com\/web\/wp-json\/wp\/v2\/types\/product"}],"replies":[{"embeddable":true,"href":"https:\/\/aukinkochile.com\/web\/wp-json\/wp\/v2\/comments?post=572582"}],"wp:featuredmedia":[{"embeddable":true,"href":"https:\/\/aukinkochile.com\/web\/wp-json\/wp\/v2\/media\/624839"}],"wp:attachment":[{"href":"https:\/\/aukinkochile.com\/web\/wp-json\/wp\/v2\/media?parent=572582"}],"wp:term":[{"taxonomy":"product_brand","embeddable":true,"href":"https:\/\/aukinkochile.com\/web\/wp-json\/wp\/v2\/product_brand?post=572582"},{"taxonomy":"product_cat","embeddable":true,"href":"https:\/\/aukinkochile.com\/web\/wp-json\/wp\/v2\/product_cat?post=572582"},{"taxonomy":"product_tag","embeddable":true,"href":"https:\/\/aukinkochile.com\/web\/wp-json\/wp\/v2\/product_tag?post=572582"}],"curies":[{"name":"wp","href":"https:\/\/api.w.org\/{rel}","templated":true}]}}