{"id":572366,"date":"2021-09-22T04:43:40","date_gmt":"2021-09-22T04:43:40","guid":{"rendered":"https:\/\/aukinkochile.com\/web\/producto\/espejo-hexagonal-naranjo\/"},"modified":"2024-12-05T16:16:42","modified_gmt":"2024-12-05T16:16:42","slug":"espejo-hexagonal-naranjo","status":"publish","type":"product","link":"https:\/\/aukinkochile.com\/web\/producto\/espejo-hexagonal-naranjo\/","title":{"rendered":"Espejo Hexagonal Naranjo"},"content":{"rendered":"<p>Marco de espuma hexagonal con espejo de pl\u00e1stico convexo. Resistente, seguro, liviano e ideal para el desarrollo de los ni\u00f1os en el conocimiento de ellos mismos, del entorno y del lenguaje.<\/p>\n<p><p><strong>Material : <\/strong> Espuma<\/p>\n<p><strong>C\u00f3digo Aukinko : <\/strong> 14-962642<\/p>\n<p><strong>C\u00f3digo Convenio Marco : <\/strong> x<\/p>\n","protected":false},"excerpt":{"rendered":"<p>Marco de espuma hexagonal con espejo de pl\u00e1stico convexo. Resistente, seguro, liviano e ideal para el desarrollo de los ni\u00f1os en el conocimiento de ellos mismos, del entorno y del lenguaje. Material : Espuma C\u00f3digo Aukinko : 14-962642 C\u00f3digo Convenio Marco : x<\/p>\n","protected":false},"featured_media":627912,"comment_status":"open","ping_status":"closed","template":"","meta":{"_et_pb_use_builder":"","_et_pb_old_content":"","_et_gb_content_width":""},"product_brand":[],"product_cat":[91,23],"product_tag":[],"class_list":{"0":"post-572366","1":"product","2":"type-product","3":"status-publish","4":"has-post-thumbnail","6":"product_cat-accesorios-sala","7":"product_cat-primeros-anos","8":"pa_edad-1-a-2-anos","9":"pa_edad-2-a-3-anos","10":"pa_edad-3-a-4-anos","11":"pa_marca-edx","12":"pa_medidas-3-x-27-cm-diametro","14":"first","15":"instock","16":"shipping-taxable","17":"purchasable","18":"product-type-simple"},"aioseo_notices":[],"_links":{"self":[{"href":"https:\/\/aukinkochile.com\/web\/wp-json\/wp\/v2\/product\/572366","targetHints":{"allow":["GET"]}}],"collection":[{"href":"https:\/\/aukinkochile.com\/web\/wp-json\/wp\/v2\/product"}],"about":[{"href":"https:\/\/aukinkochile.com\/web\/wp-json\/wp\/v2\/types\/product"}],"replies":[{"embeddable":true,"href":"https:\/\/aukinkochile.com\/web\/wp-json\/wp\/v2\/comments?post=572366"}],"wp:featuredmedia":[{"embeddable":true,"href":"https:\/\/aukinkochile.com\/web\/wp-json\/wp\/v2\/media\/627912"}],"wp:attachment":[{"href":"https:\/\/aukinkochile.com\/web\/wp-json\/wp\/v2\/media?parent=572366"}],"wp:term":[{"taxonomy":"product_brand","embeddable":true,"href":"https:\/\/aukinkochile.com\/web\/wp-json\/wp\/v2\/product_brand?post=572366"},{"taxonomy":"product_cat","embeddable":true,"href":"https:\/\/aukinkochile.com\/web\/wp-json\/wp\/v2\/product_cat?post=572366"},{"taxonomy":"product_tag","embeddable":true,"href":"https:\/\/aukinkochile.com\/web\/wp-json\/wp\/v2\/product_tag?post=572366"}],"curies":[{"name":"wp","href":"https:\/\/api.w.org\/{rel}","templated":true}]}}