{"id":572310,"date":"2021-09-22T04:43:28","date_gmt":"2021-09-22T04:43:28","guid":{"rendered":"https:\/\/aukinkochile.com\/web\/producto\/ciencia-set-de-medidas\/"},"modified":"2024-12-05T16:16:14","modified_gmt":"2024-12-05T16:16:14","slug":"ciencia-set-de-medidas","status":"publish","type":"product","link":"https:\/\/aukinkochile.com\/web\/producto\/ciencia-set-de-medidas\/","title":{"rendered":"Ciencia set Medidas 19 pz"},"content":{"rendered":"<p>Set de para medir el volumen de l\u00edquido, incluye 5 botellas de anidamiento de medici\u00f3n, 3 tazas de medici\u00f3n, 5 copas de medida secos y 6 cucharas de medici\u00f3n.<\/p>\n<p><p><strong>Material : <\/strong> Pl\u00e1stico<\/p>\n<p><strong>C\u00f3digo Aukinko : <\/strong> 14-925079<\/p>\n<p><strong>C\u00f3digo Convenio Marco : <\/strong> x<\/p>\n","protected":false},"excerpt":{"rendered":"<p>Set de para medir el volumen de l\u00edquido, incluye 5 botellas de anidamiento de medici\u00f3n, 3 tazas de medici\u00f3n, 5 copas de medida secos y 6 cucharas de medici\u00f3n. Material : Pl\u00e1stico C\u00f3digo Aukinko : 14-925079 C\u00f3digo Convenio Marco : x<\/p>\n","protected":false},"featured_media":627886,"comment_status":"open","ping_status":"closed","template":"","meta":{"_et_pb_use_builder":"","_et_pb_old_content":"","_et_gb_content_width":""},"product_brand":[],"product_cat":[91,92],"product_tag":[],"class_list":{"0":"post-572310","1":"product","2":"type-product","3":"status-publish","4":"has-post-thumbnail","6":"product_cat-accesorios-sala","7":"product_cat-ciencias","8":"pa_edad-10-anos","9":"pa_edad-6-a-8-anos","10":"pa_edad-8-a-10-anos","11":"pa_marca-edx","12":"pa_medidas-43-x-17-x-17-cm","14":"first","15":"instock","16":"shipping-taxable","17":"purchasable","18":"product-type-simple"},"aioseo_notices":[],"_links":{"self":[{"href":"https:\/\/aukinkochile.com\/web\/wp-json\/wp\/v2\/product\/572310","targetHints":{"allow":["GET"]}}],"collection":[{"href":"https:\/\/aukinkochile.com\/web\/wp-json\/wp\/v2\/product"}],"about":[{"href":"https:\/\/aukinkochile.com\/web\/wp-json\/wp\/v2\/types\/product"}],"replies":[{"embeddable":true,"href":"https:\/\/aukinkochile.com\/web\/wp-json\/wp\/v2\/comments?post=572310"}],"wp:featuredmedia":[{"embeddable":true,"href":"https:\/\/aukinkochile.com\/web\/wp-json\/wp\/v2\/media\/627886"}],"wp:attachment":[{"href":"https:\/\/aukinkochile.com\/web\/wp-json\/wp\/v2\/media?parent=572310"}],"wp:term":[{"taxonomy":"product_brand","embeddable":true,"href":"https:\/\/aukinkochile.com\/web\/wp-json\/wp\/v2\/product_brand?post=572310"},{"taxonomy":"product_cat","embeddable":true,"href":"https:\/\/aukinkochile.com\/web\/wp-json\/wp\/v2\/product_cat?post=572310"},{"taxonomy":"product_tag","embeddable":true,"href":"https:\/\/aukinkochile.com\/web\/wp-json\/wp\/v2\/product_tag?post=572310"}],"curies":[{"name":"wp","href":"https:\/\/api.w.org\/{rel}","templated":true}]}}