{"id":572308,"date":"2021-09-22T04:43:28","date_gmt":"2021-09-22T04:43:28","guid":{"rendered":"https:\/\/aukinkochile.com\/web\/producto\/ciencia-jarros-de-medidas\/"},"modified":"2024-12-05T16:16:13","modified_gmt":"2024-12-05T16:16:13","slug":"ciencia-jarros-de-medidas","status":"publish","type":"product","link":"https:\/\/aukinkochile.com\/web\/producto\/ciencia-jarros-de-medidas\/","title":{"rendered":"Ciencia Jarros Medidas 3 pz"},"content":{"rendered":"<p>Un conjunto de tres jarros pl\u00e1sticos con asa, con medidas , en m\u00e9trica y oz. Jarros de 250 ml, 500 ml, 1000 ml. De gran calidad.<\/p>\n<p><p><strong>Material : <\/strong> Pl\u00e1stico<\/p>\n<p><strong>C\u00f3digo Aukinko : <\/strong> 14-925070<\/p>\n<p><strong>C\u00f3digo Convenio Marco : <\/strong> x<\/p>\n","protected":false},"excerpt":{"rendered":"<p>Un conjunto de tres jarros pl\u00e1sticos con asa, con medidas , en m\u00e9trica y oz. Jarros de 250 ml, 500 ml, 1000 ml. De gran calidad. Material : Pl\u00e1stico C\u00f3digo Aukinko : 14-925070 C\u00f3digo Convenio Marco : x<\/p>\n","protected":false},"featured_media":627885,"comment_status":"open","ping_status":"closed","template":"","meta":{"_et_pb_use_builder":"","_et_pb_old_content":"","_et_gb_content_width":""},"product_brand":[],"product_cat":[91,92],"product_tag":[],"class_list":{"0":"post-572308","1":"product","2":"type-product","3":"status-publish","4":"has-post-thumbnail","6":"product_cat-accesorios-sala","7":"product_cat-ciencias","8":"pa_edad-10-anos","9":"pa_edad-5-a-6-anos","10":"pa_edad-6-a-8-anos","11":"pa_edad-8-a-10-anos","12":"pa_marca-edx","13":"pa_medidas-25-x-22-cm","15":"first","16":"instock","17":"shipping-taxable","18":"purchasable","19":"product-type-simple"},"aioseo_notices":[],"_links":{"self":[{"href":"https:\/\/aukinkochile.com\/web\/wp-json\/wp\/v2\/product\/572308","targetHints":{"allow":["GET"]}}],"collection":[{"href":"https:\/\/aukinkochile.com\/web\/wp-json\/wp\/v2\/product"}],"about":[{"href":"https:\/\/aukinkochile.com\/web\/wp-json\/wp\/v2\/types\/product"}],"replies":[{"embeddable":true,"href":"https:\/\/aukinkochile.com\/web\/wp-json\/wp\/v2\/comments?post=572308"}],"wp:featuredmedia":[{"embeddable":true,"href":"https:\/\/aukinkochile.com\/web\/wp-json\/wp\/v2\/media\/627885"}],"wp:attachment":[{"href":"https:\/\/aukinkochile.com\/web\/wp-json\/wp\/v2\/media?parent=572308"}],"wp:term":[{"taxonomy":"product_brand","embeddable":true,"href":"https:\/\/aukinkochile.com\/web\/wp-json\/wp\/v2\/product_brand?post=572308"},{"taxonomy":"product_cat","embeddable":true,"href":"https:\/\/aukinkochile.com\/web\/wp-json\/wp\/v2\/product_cat?post=572308"},{"taxonomy":"product_tag","embeddable":true,"href":"https:\/\/aukinkochile.com\/web\/wp-json\/wp\/v2\/product_tag?post=572308"}],"curies":[{"name":"wp","href":"https:\/\/api.w.org\/{rel}","templated":true}]}}