{"id":572274,"date":"2021-09-22T04:43:19","date_gmt":"2021-09-22T04:43:19","guid":{"rendered":"https:\/\/aukinkochile.com\/web\/producto\/matematicas-cuentas-de-apilamiento\/"},"modified":"2024-12-05T16:15:47","modified_gmt":"2024-12-05T16:15:47","slug":"matematicas-cuentas-de-apilamiento","status":"publish","type":"product","link":"https:\/\/aukinkochile.com\/web\/producto\/matematicas-cuentas-de-apilamiento\/","title":{"rendered":"Matem\u00e1ticas Cuentas Apilamiento"},"content":{"rendered":"<p>500 cuentas para apilar en 10 colores diferentes. Cada cuenta tiene 2 cm de di\u00e1metro. En un resistente contenedor pl\u00e1stico.<\/p>\n<p><p><strong>Material : <\/strong> Pl\u00e1stico<\/p>\n<p><strong>C\u00f3digo Aukinko : <\/strong> 14-913340<\/p>\n<p><strong>C\u00f3digo Convenio Marco : <\/strong> x<\/p>\n","protected":false},"excerpt":{"rendered":"<p>500 cuentas para apilar en 10 colores diferentes. Cada cuenta tiene 2 cm de di\u00e1metro. En un resistente contenedor pl\u00e1stico. Material : Pl\u00e1stico C\u00f3digo Aukinko : 14-913340 C\u00f3digo Convenio Marco : x<\/p>\n","protected":false},"featured_media":627868,"comment_status":"open","ping_status":"closed","template":"","meta":{"_et_pb_use_builder":"","_et_pb_old_content":"","_et_gb_content_width":""},"product_brand":[],"product_cat":[91,19,90,20],"product_tag":[],"class_list":{"0":"post-572274","1":"product","2":"type-product","3":"status-publish","4":"has-post-thumbnail","6":"product_cat-accesorios-sala","7":"product_cat-construccion","8":"product_cat-matematicas","9":"product_cat-motricidad-fina","10":"pa_edad-3-a-4-anos","11":"pa_edad-4-a-5-anos","12":"pa_edad-5-a-6-anos","13":"pa_edad-6-a-8-anos","14":"pa_marca-edx","15":"pa_medidas-2-cm-diametro-c-cuenta","17":"first","18":"instock","19":"shipping-taxable","20":"purchasable","21":"product-type-simple"},"aioseo_notices":[],"_links":{"self":[{"href":"https:\/\/aukinkochile.com\/web\/wp-json\/wp\/v2\/product\/572274","targetHints":{"allow":["GET"]}}],"collection":[{"href":"https:\/\/aukinkochile.com\/web\/wp-json\/wp\/v2\/product"}],"about":[{"href":"https:\/\/aukinkochile.com\/web\/wp-json\/wp\/v2\/types\/product"}],"replies":[{"embeddable":true,"href":"https:\/\/aukinkochile.com\/web\/wp-json\/wp\/v2\/comments?post=572274"}],"wp:featuredmedia":[{"embeddable":true,"href":"https:\/\/aukinkochile.com\/web\/wp-json\/wp\/v2\/media\/627868"}],"wp:attachment":[{"href":"https:\/\/aukinkochile.com\/web\/wp-json\/wp\/v2\/media?parent=572274"}],"wp:term":[{"taxonomy":"product_brand","embeddable":true,"href":"https:\/\/aukinkochile.com\/web\/wp-json\/wp\/v2\/product_brand?post=572274"},{"taxonomy":"product_cat","embeddable":true,"href":"https:\/\/aukinkochile.com\/web\/wp-json\/wp\/v2\/product_cat?post=572274"},{"taxonomy":"product_tag","embeddable":true,"href":"https:\/\/aukinkochile.com\/web\/wp-json\/wp\/v2\/product_tag?post=572274"}],"curies":[{"name":"wp","href":"https:\/\/api.w.org\/{rel}","templated":true}]}}