{"id":572234,"date":"2021-09-22T04:43:09","date_gmt":"2021-09-22T04:43:09","guid":{"rendered":"https:\/\/aukinkochile.com\/web\/producto\/laminas-adjetivos-50\/"},"modified":"2024-03-26T15:30:30","modified_gmt":"2024-03-26T15:30:30","slug":"laminas-adjetivos-50","status":"publish","type":"product","link":"https:\/\/aukinkochile.com\/web\/producto\/laminas-adjetivos-50\/","title":{"rendered":"Laminas Adjetivos"},"content":{"rendered":"<p>50 fotograf\u00edas que representan adjetivos b\u00e1sicos del entorno del ni\u00f1o mediante situaciones sencillas. Im\u00e1genes que sirven para ampliar el vocabulario del ni\u00f1o y hacerle comprender el sentido descriptivo y relativo de los adjetivos. Incluye gu\u00eda pedag\u00f3gica.<\/p>\n<p><p><strong>Material : <\/strong> Cart\u00f3n Grueso Plastificado<\/p>\n<p><strong>C\u00f3digo Aukinko : <\/strong> 14-720511<\/p>\n<p><strong>C\u00f3digo Convenio Marco : <\/strong> X<\/p>\n","protected":false},"excerpt":{"rendered":"<p>50 fotograf\u00edas que representan adjetivos b\u00e1sicos del entorno del ni\u00f1o mediante situaciones sencillas. Im\u00e1genes que sirven para ampliar el vocabulario del ni\u00f1o y hacerle comprender el sentido descriptivo y relativo de los adjetivos. Incluye gu\u00eda pedag\u00f3gica. Material : Cart\u00f3n Grueso Plastificado C\u00f3digo Aukinko : 14-720511 C\u00f3digo Convenio Marco : X<\/p>\n","protected":false},"featured_media":627835,"comment_status":"open","ping_status":"closed","template":"","meta":{"_et_pb_use_builder":"","_et_pb_old_content":"","_et_gb_content_width":""},"product_brand":[],"product_cat":[91,151],"product_tag":[],"class_list":{"0":"post-572234","1":"product","2":"type-product","3":"status-publish","4":"has-post-thumbnail","6":"product_cat-accesorios-sala","7":"product_cat-lenguaje","8":"pa_edad-3-a-4-anos","9":"pa_edad-4-a-5-anos","10":"pa_edad-5-a-6-anos","11":"pa_edad-6-a-8-anos","12":"pa_marca-interdidak","13":"pa_medidas-4430","14":"pa_medidas-5-cm","15":"pa_medidas-5-x-13","17":"first","18":"instock","19":"sale","20":"shipping-taxable","21":"purchasable","22":"product-type-simple"},"aioseo_notices":[],"_links":{"self":[{"href":"https:\/\/aukinkochile.com\/web\/wp-json\/wp\/v2\/product\/572234","targetHints":{"allow":["GET"]}}],"collection":[{"href":"https:\/\/aukinkochile.com\/web\/wp-json\/wp\/v2\/product"}],"about":[{"href":"https:\/\/aukinkochile.com\/web\/wp-json\/wp\/v2\/types\/product"}],"replies":[{"embeddable":true,"href":"https:\/\/aukinkochile.com\/web\/wp-json\/wp\/v2\/comments?post=572234"}],"wp:featuredmedia":[{"embeddable":true,"href":"https:\/\/aukinkochile.com\/web\/wp-json\/wp\/v2\/media\/627835"}],"wp:attachment":[{"href":"https:\/\/aukinkochile.com\/web\/wp-json\/wp\/v2\/media?parent=572234"}],"wp:term":[{"taxonomy":"product_brand","embeddable":true,"href":"https:\/\/aukinkochile.com\/web\/wp-json\/wp\/v2\/product_brand?post=572234"},{"taxonomy":"product_cat","embeddable":true,"href":"https:\/\/aukinkochile.com\/web\/wp-json\/wp\/v2\/product_cat?post=572234"},{"taxonomy":"product_tag","embeddable":true,"href":"https:\/\/aukinkochile.com\/web\/wp-json\/wp\/v2\/product_tag?post=572234"}],"curies":[{"name":"wp","href":"https:\/\/api.w.org\/{rel}","templated":true}]}}