{"id":570936,"date":"2021-09-22T04:37:59","date_gmt":"2021-09-22T04:37:59","guid":{"rendered":"https:\/\/aukinkochile.com\/web\/producto\/juego-de-mesa-de-la-oca\/"},"modified":"2024-08-06T19:41:34","modified_gmt":"2024-08-06T19:41:34","slug":"juego-de-mesa-de-la-oca","status":"publish","type":"product","link":"https:\/\/aukinkochile.com\/web\/producto\/juego-de-mesa-de-la-oca\/","title":{"rendered":"Juego de Mesa de La Oca"},"content":{"rendered":"<p>En este cl\u00e1sico juego de mesa los jugadores intentan llegar ala \u00faltima casilla pasando distintos eventos, al lanzar los dados ver\u00e1n su suerte en este camino. Un cl\u00e1sico juego de sal\u00f3n hecho de material de alta calidad y con grandes piezas de madera. Para jugar de 2 a 6 jugadores.<\/p>\n<p><p><strong>Material : <\/strong> Madera<\/p>\n<p><strong>C\u00f3digo Aukinko : <\/strong> 13-288112<\/p>\n<p><strong>C\u00f3digo Convenio Marco : <\/strong> x<\/p>\n","protected":false},"excerpt":{"rendered":"<p>En este cl\u00e1sico juego de mesa los jugadores intentan llegar ala \u00faltima casilla pasando distintos eventos, al lanzar los dados ver\u00e1n su suerte en este camino. Un cl\u00e1sico juego de sal\u00f3n hecho de material de alta calidad y con grandes piezas de madera. Para jugar de 2 a 6 jugadores. Material : Madera C\u00f3digo Aukinko [&hellip;]<\/p>\n","protected":false},"featured_media":627354,"comment_status":"open","ping_status":"closed","template":"","meta":{"_et_pb_use_builder":"","_et_pb_old_content":"","_et_gb_content_width":""},"product_brand":[],"product_cat":[149],"product_tag":[],"class_list":{"0":"post-570936","1":"product","2":"type-product","3":"status-publish","4":"has-post-thumbnail","6":"product_cat-juegos-de-mesa","7":"pa_edad-10-anos","8":"pa_edad-5-a-6-anos","9":"pa_edad-6-a-8-anos","10":"pa_edad-8-a-10-anos","11":"pa_marca-schmidt","12":"pa_medidas-19-x-27-x-6-cm","14":"first","15":"instock","16":"shipping-taxable","17":"purchasable","18":"product-type-simple"},"aioseo_notices":[],"_links":{"self":[{"href":"https:\/\/aukinkochile.com\/web\/wp-json\/wp\/v2\/product\/570936","targetHints":{"allow":["GET"]}}],"collection":[{"href":"https:\/\/aukinkochile.com\/web\/wp-json\/wp\/v2\/product"}],"about":[{"href":"https:\/\/aukinkochile.com\/web\/wp-json\/wp\/v2\/types\/product"}],"replies":[{"embeddable":true,"href":"https:\/\/aukinkochile.com\/web\/wp-json\/wp\/v2\/comments?post=570936"}],"wp:featuredmedia":[{"embeddable":true,"href":"https:\/\/aukinkochile.com\/web\/wp-json\/wp\/v2\/media\/627354"}],"wp:attachment":[{"href":"https:\/\/aukinkochile.com\/web\/wp-json\/wp\/v2\/media?parent=570936"}],"wp:term":[{"taxonomy":"product_brand","embeddable":true,"href":"https:\/\/aukinkochile.com\/web\/wp-json\/wp\/v2\/product_brand?post=570936"},{"taxonomy":"product_cat","embeddable":true,"href":"https:\/\/aukinkochile.com\/web\/wp-json\/wp\/v2\/product_cat?post=570936"},{"taxonomy":"product_tag","embeddable":true,"href":"https:\/\/aukinkochile.com\/web\/wp-json\/wp\/v2\/product_tag?post=570936"}],"curies":[{"name":"wp","href":"https:\/\/api.w.org\/{rel}","templated":true}]}}