{"id":570722,"date":"2021-09-22T04:37:05","date_gmt":"2021-09-22T04:37:05","guid":{"rendered":"https:\/\/aukinkochile.com\/web\/producto\/juego-de-mesa-de-nuevo-bloques-de-juego\/"},"modified":"2024-08-06T19:38:24","modified_gmt":"2024-08-06T19:38:24","slug":"juego-de-mesa-de-nuevo-bloques-de-juego","status":"publish","type":"product","link":"https:\/\/aukinkochile.com\/web\/producto\/juego-de-mesa-de-nuevo-bloques-de-juego\/","title":{"rendered":"Juego de Mesa De Nuevo! Bloques de Juego"},"content":{"rendered":"<p>Bloques de juego para el divertido juego de mesa de nuevo! Tres bloques adicionales (iv, v, vi) en formato de 10 x 14,5 x 1 cm, que proporcionar\u00e1n nuevos desaf\u00edos para todos los jugadores de este divertido juego.<\/p>\n<p><p><strong>Material : <\/strong> Papel<\/p>\n<p><strong>C\u00f3digo Aukinko : <\/strong> 13-249345<\/p>\n<p><strong>C\u00f3digo Convenio Marco : <\/strong> x<\/p>\n","protected":false},"excerpt":{"rendered":"<p>Bloques de juego para el divertido juego de mesa de nuevo! Tres bloques adicionales (iv, v, vi) en formato de 10 x 14,5 x 1 cm, que proporcionar\u00e1n nuevos desaf\u00edos para todos los jugadores de este divertido juego. Material : Papel C\u00f3digo Aukinko : 13-249345 C\u00f3digo Convenio Marco : x<\/p>\n","protected":false},"featured_media":627191,"comment_status":"open","ping_status":"closed","template":"","meta":{"_et_pb_use_builder":"","_et_pb_old_content":"","_et_gb_content_width":""},"product_brand":[],"product_cat":[149],"product_tag":[],"class_list":{"0":"post-570722","1":"product","2":"type-product","3":"status-publish","4":"has-post-thumbnail","6":"product_cat-juegos-de-mesa","7":"pa_edad-10-anos","8":"pa_marca-schmidt","9":"pa_medidas-5-cm","10":"pa_medidas-5-x-2","11":"pa_medidas-8-x-14","12":"pa_medidas-4795","14":"first","15":"instock","16":"shipping-taxable","17":"purchasable","18":"product-type-simple"},"aioseo_notices":[],"_links":{"self":[{"href":"https:\/\/aukinkochile.com\/web\/wp-json\/wp\/v2\/product\/570722","targetHints":{"allow":["GET"]}}],"collection":[{"href":"https:\/\/aukinkochile.com\/web\/wp-json\/wp\/v2\/product"}],"about":[{"href":"https:\/\/aukinkochile.com\/web\/wp-json\/wp\/v2\/types\/product"}],"replies":[{"embeddable":true,"href":"https:\/\/aukinkochile.com\/web\/wp-json\/wp\/v2\/comments?post=570722"}],"wp:featuredmedia":[{"embeddable":true,"href":"https:\/\/aukinkochile.com\/web\/wp-json\/wp\/v2\/media\/627191"}],"wp:attachment":[{"href":"https:\/\/aukinkochile.com\/web\/wp-json\/wp\/v2\/media?parent=570722"}],"wp:term":[{"taxonomy":"product_brand","embeddable":true,"href":"https:\/\/aukinkochile.com\/web\/wp-json\/wp\/v2\/product_brand?post=570722"},{"taxonomy":"product_cat","embeddable":true,"href":"https:\/\/aukinkochile.com\/web\/wp-json\/wp\/v2\/product_cat?post=570722"},{"taxonomy":"product_tag","embeddable":true,"href":"https:\/\/aukinkochile.com\/web\/wp-json\/wp\/v2\/product_tag?post=570722"}],"curies":[{"name":"wp","href":"https:\/\/api.w.org\/{rel}","templated":true}]}}