{"id":570616,"date":"2021-09-22T04:36:40","date_gmt":"2021-09-22T04:36:40","guid":{"rendered":"https:\/\/aukinkochile.com\/web\/producto\/aseo-trapeador\/"},"modified":"2023-11-22T19:31:34","modified_gmt":"2023-11-22T19:31:34","slug":"aseo-trapeador","status":"publish","type":"product","link":"https:\/\/aukinkochile.com\/web\/producto\/aseo-trapeador\/","title":{"rendered":"Aseo Trapeador"},"content":{"rendered":"<p>Trapeador replica modelo real. De gran calidad y dise\u00f1o.<\/p>\n<p><p><strong>Material : <\/strong> PLASTICO RESISTENTE<\/p>\n<p><strong>C\u00f3digo Aukinko : <\/strong> 12-96554<\/p>\n<p><strong>C\u00f3digo Convenio Marco : <\/strong> <\/p>\n","protected":false},"excerpt":{"rendered":"<p>Trapeador replica modelo real. De gran calidad y dise\u00f1o. Material : PLASTICO RESISTENTE C\u00f3digo Aukinko : 12-96554 C\u00f3digo Convenio Marco :<\/p>\n","protected":false},"featured_media":625725,"comment_status":"open","ping_status":"closed","template":"","meta":{"_et_pb_use_builder":"","_et_pb_old_content":"","_et_gb_content_width":""},"product_brand":[],"product_cat":[17],"product_tag":[],"class_list":{"0":"post-570616","1":"product","2":"type-product","3":"status-publish","4":"has-post-thumbnail","6":"product_cat-juegos-de-rol","7":"pa_edad-2-a-3-anos","8":"pa_edad-3-a-4-anos","9":"pa_edad-4-a-5-anos","10":"pa_edad-5-a-6-anos","11":"pa_edad-6-a-8-anos","12":"pa_marca-klein","13":"pa_medidas-57-largo-mango-x-21-x-10-mopa","15":"first","16":"instock","17":"shipping-taxable","18":"purchasable","19":"product-type-simple"},"aioseo_notices":[],"_links":{"self":[{"href":"https:\/\/aukinkochile.com\/web\/wp-json\/wp\/v2\/product\/570616","targetHints":{"allow":["GET"]}}],"collection":[{"href":"https:\/\/aukinkochile.com\/web\/wp-json\/wp\/v2\/product"}],"about":[{"href":"https:\/\/aukinkochile.com\/web\/wp-json\/wp\/v2\/types\/product"}],"replies":[{"embeddable":true,"href":"https:\/\/aukinkochile.com\/web\/wp-json\/wp\/v2\/comments?post=570616"}],"wp:featuredmedia":[{"embeddable":true,"href":"https:\/\/aukinkochile.com\/web\/wp-json\/wp\/v2\/media\/625725"}],"wp:attachment":[{"href":"https:\/\/aukinkochile.com\/web\/wp-json\/wp\/v2\/media?parent=570616"}],"wp:term":[{"taxonomy":"product_brand","embeddable":true,"href":"https:\/\/aukinkochile.com\/web\/wp-json\/wp\/v2\/product_brand?post=570616"},{"taxonomy":"product_cat","embeddable":true,"href":"https:\/\/aukinkochile.com\/web\/wp-json\/wp\/v2\/product_cat?post=570616"},{"taxonomy":"product_tag","embeddable":true,"href":"https:\/\/aukinkochile.com\/web\/wp-json\/wp\/v2\/product_tag?post=570616"}],"curies":[{"name":"wp","href":"https:\/\/api.w.org\/{rel}","templated":true}]}}