{"id":570610,"date":"2021-09-22T04:36:39","date_gmt":"2021-09-22T04:36:39","guid":{"rendered":"https:\/\/aukinkochile.com\/web\/producto\/aseo-colgador-de-ropa-con-accesorios\/"},"modified":"2023-11-22T19:31:32","modified_gmt":"2023-11-22T19:31:32","slug":"aseo-colgador-de-ropa-con-accesorios","status":"publish","type":"product","link":"https:\/\/aukinkochile.com\/web\/producto\/aseo-colgador-de-ropa-con-accesorios\/","title":{"rendered":"Colgador de Ropa con Accesorios"},"content":{"rendered":"<p>Colgador de ropa giratorio. Con cordeles para colgar la ropa de las mu\u00f1ecas. Contiene el set, cesta de ropa, tabla de lavar, tinaja para lavar,2 cajas de detergente, esponja, 6 colgadores, 6 perros. No contiene ropa. De excelente calidad y dise\u00f1o.<\/p>\n<p><p><strong>Material : <\/strong> PLASTICO RESISTENTE<\/p>\n<p><strong>C\u00f3digo Aukinko : <\/strong> 12-96261<\/p>\n<p><strong>C\u00f3digo Convenio Marco : <\/strong> <\/p>\n","protected":false},"excerpt":{"rendered":"<p>Colgador de ropa giratorio. Con cordeles para colgar la ropa de las mu\u00f1ecas. Contiene el set, cesta de ropa, tabla de lavar, tinaja para lavar,2 cajas de detergente, esponja, 6 colgadores, 6 perros. No contiene ropa. De excelente calidad y dise\u00f1o. Material : PLASTICO RESISTENTE C\u00f3digo Aukinko : 12-96261 C\u00f3digo Convenio Marco :<\/p>\n","protected":false},"featured_media":625723,"comment_status":"open","ping_status":"closed","template":"","meta":{"_et_pb_use_builder":"","_et_pb_old_content":"","_et_gb_content_width":""},"product_brand":[],"product_cat":[17],"product_tag":[],"class_list":{"0":"post-570610","1":"product","2":"type-product","3":"status-publish","4":"has-post-thumbnail","6":"product_cat-juegos-de-rol","7":"pa_edad-2-a-3-anos","8":"pa_edad-3-a-4-anos","9":"pa_edad-4-a-5-anos","10":"pa_edad-5-a-6-anos","11":"pa_edad-6-a-8-anos","12":"pa_marca-klein","13":"pa_medidas-28-x-20-x-40-cm","15":"first","16":"instock","17":"shipping-taxable","18":"purchasable","19":"product-type-simple"},"aioseo_notices":[],"_links":{"self":[{"href":"https:\/\/aukinkochile.com\/web\/wp-json\/wp\/v2\/product\/570610","targetHints":{"allow":["GET"]}}],"collection":[{"href":"https:\/\/aukinkochile.com\/web\/wp-json\/wp\/v2\/product"}],"about":[{"href":"https:\/\/aukinkochile.com\/web\/wp-json\/wp\/v2\/types\/product"}],"replies":[{"embeddable":true,"href":"https:\/\/aukinkochile.com\/web\/wp-json\/wp\/v2\/comments?post=570610"}],"wp:featuredmedia":[{"embeddable":true,"href":"https:\/\/aukinkochile.com\/web\/wp-json\/wp\/v2\/media\/625723"}],"wp:attachment":[{"href":"https:\/\/aukinkochile.com\/web\/wp-json\/wp\/v2\/media?parent=570610"}],"wp:term":[{"taxonomy":"product_brand","embeddable":true,"href":"https:\/\/aukinkochile.com\/web\/wp-json\/wp\/v2\/product_brand?post=570610"},{"taxonomy":"product_cat","embeddable":true,"href":"https:\/\/aukinkochile.com\/web\/wp-json\/wp\/v2\/product_cat?post=570610"},{"taxonomy":"product_tag","embeddable":true,"href":"https:\/\/aukinkochile.com\/web\/wp-json\/wp\/v2\/product_tag?post=570610"}],"curies":[{"name":"wp","href":"https:\/\/api.w.org\/{rel}","templated":true}]}}