{"id":569973,"date":"2021-09-22T04:34:18","date_gmt":"2021-09-22T04:34:18","guid":{"rendered":"https:\/\/aukinkochile.com\/web\/producto\/clasificar-camellos-conectables\/"},"modified":"2024-01-03T19:20:49","modified_gmt":"2024-01-03T19:20:49","slug":"clasificar-camellos-conectables","status":"publish","type":"product","link":"https:\/\/aukinkochile.com\/web\/producto\/clasificar-camellos-conectables\/","title":{"rendered":"Clasificar Camellos Conectables"},"content":{"rendered":"<p>96 camellos conectables en 3 tama\u00f1os diferentes relacionados con el peso (peque\u00f1o = 5 gramos, 4,5 x 2,5 x 1 cm; mediano = 10 gramos, 5,5 x 3 x 1,5 cm; grande = 15 gramos, 6 x 4 x 2 cm) en 6 colores brillantes. Promueve el reconocimiento de n\u00fameros, \u00e1lgebra, forma, espacio, medici\u00f3n, estimaci\u00f3n y memoria mental.<\/p>\n<p><p><strong>Material : <\/strong> PLASTICO<\/p>\n<p><strong>C\u00f3digo Aukinko : <\/strong> 10-354300<\/p>\n<p><strong>C\u00f3digo Convenio Marco : <\/strong> <\/p>\n","protected":false},"excerpt":{"rendered":"<p>96 camellos conectables en 3 tama\u00f1os diferentes relacionados con el peso (peque\u00f1o = 5 gramos, 4,5 x 2,5 x 1 cm; mediano = 10 gramos, 5,5 x 3 x 1,5 cm; grande = 15 gramos, 6 x 4 x 2 cm) en 6 colores brillantes. Promueve el reconocimiento de n\u00fameros, \u00e1lgebra, forma, espacio, medici\u00f3n, estimaci\u00f3n [&hellip;]<\/p>\n","protected":false},"featured_media":626960,"comment_status":"open","ping_status":"closed","template":"","meta":{"_et_pb_use_builder":"","_et_pb_old_content":"","_et_gb_content_width":""},"product_brand":[],"product_cat":[150],"product_tag":[],"class_list":{"0":"post-569973","1":"product","2":"type-product","3":"status-publish","4":"has-post-thumbnail","6":"product_cat-asociacion-y-logica","7":"pa_edad-3-a-4-anos","8":"pa_edad-4-a-5-anos","9":"pa_edad-5-a-6-anos","10":"pa_edad-6-a-8-anos","11":"pa_marca-commotion","12":"pa_medidas-27-x-27-x-4-cm-bolsa","14":"first","15":"instock","16":"sale","17":"shipping-taxable","18":"purchasable","19":"product-type-simple"},"aioseo_notices":[],"_links":{"self":[{"href":"https:\/\/aukinkochile.com\/web\/wp-json\/wp\/v2\/product\/569973","targetHints":{"allow":["GET"]}}],"collection":[{"href":"https:\/\/aukinkochile.com\/web\/wp-json\/wp\/v2\/product"}],"about":[{"href":"https:\/\/aukinkochile.com\/web\/wp-json\/wp\/v2\/types\/product"}],"replies":[{"embeddable":true,"href":"https:\/\/aukinkochile.com\/web\/wp-json\/wp\/v2\/comments?post=569973"}],"wp:featuredmedia":[{"embeddable":true,"href":"https:\/\/aukinkochile.com\/web\/wp-json\/wp\/v2\/media\/626960"}],"wp:attachment":[{"href":"https:\/\/aukinkochile.com\/web\/wp-json\/wp\/v2\/media?parent=569973"}],"wp:term":[{"taxonomy":"product_brand","embeddable":true,"href":"https:\/\/aukinkochile.com\/web\/wp-json\/wp\/v2\/product_brand?post=569973"},{"taxonomy":"product_cat","embeddable":true,"href":"https:\/\/aukinkochile.com\/web\/wp-json\/wp\/v2\/product_cat?post=569973"},{"taxonomy":"product_tag","embeddable":true,"href":"https:\/\/aukinkochile.com\/web\/wp-json\/wp\/v2\/product_tag?post=569973"}],"curies":[{"name":"wp","href":"https:\/\/api.w.org\/{rel}","templated":true}]}}