{"id":569703,"date":"2021-09-22T04:33:20","date_gmt":"2021-09-22T04:33:20","guid":{"rendered":"https:\/\/aukinkochile.com\/web\/producto\/vehiculo-camion-georges\/"},"modified":"2025-07-28T16:48:03","modified_gmt":"2025-07-28T16:48:03","slug":"vehiculo-camion-georges","status":"publish","type":"product","link":"https:\/\/aukinkochile.com\/web\/producto\/vehiculo-camion-georges\/","title":{"rendered":"Veh\u00edculo Cami\u00f3n Georges"},"content":{"rendered":"<p>Georges y Louise se suben al volquete, cargado con bloques de hormig\u00f3n, y se dirigen a la obra. \u00a1Piiii, piiii, piiii! Louise conduce marcha atr\u00e1s con mucho cuidado y se pega a la plataforma de carga. Todo est\u00e1 ya listo para comenzar a construir. El ni\u00f1o vivir\u00e1 alocadas aventuras con este incre\u00edble cami\u00f3n volquete hecho de madera y neopreno.<\/p>\n<p><p><strong>Material : <\/strong> Madera y Neopreno<\/p>\n<p><strong>C\u00f3digo Aukinko : <\/strong> 09-783183<\/p>\n<p><strong>C\u00f3digo Convenio Marco : <\/strong> x<\/p>\n","protected":false},"excerpt":{"rendered":"<p>Georges y Louise se suben al volquete, cargado con bloques de hormig\u00f3n, y se dirigen a la obra. \u00a1Piiii, piiii, piiii! Louise conduce marcha atr\u00e1s con mucho cuidado y se pega a la plataforma de carga. Todo est\u00e1 ya listo para comenzar a construir. El ni\u00f1o vivir\u00e1 alocadas aventuras con este incre\u00edble cami\u00f3n volquete hecho [&hellip;]<\/p>\n","protected":false},"featured_media":626843,"comment_status":"open","ping_status":"closed","template":"","meta":{"_et_pb_use_builder":"","_et_pb_old_content":"","_et_gb_content_width":""},"product_brand":[],"product_cat":[17,20],"product_tag":[],"class_list":{"0":"post-569703","1":"product","2":"type-product","3":"status-publish","4":"has-post-thumbnail","6":"product_cat-juegos-de-rol","7":"product_cat-motricidad-fina","8":"pa_edad-2-a-3-anos","9":"pa_edad-3-a-4-anos","10":"pa_marca-lilliputiens","11":"pa_medidas-21-x-13-x-12-cm","13":"first","14":"instock","15":"shipping-taxable","16":"purchasable","17":"product-type-simple"},"aioseo_notices":[],"_links":{"self":[{"href":"https:\/\/aukinkochile.com\/web\/wp-json\/wp\/v2\/product\/569703","targetHints":{"allow":["GET"]}}],"collection":[{"href":"https:\/\/aukinkochile.com\/web\/wp-json\/wp\/v2\/product"}],"about":[{"href":"https:\/\/aukinkochile.com\/web\/wp-json\/wp\/v2\/types\/product"}],"replies":[{"embeddable":true,"href":"https:\/\/aukinkochile.com\/web\/wp-json\/wp\/v2\/comments?post=569703"}],"wp:featuredmedia":[{"embeddable":true,"href":"https:\/\/aukinkochile.com\/web\/wp-json\/wp\/v2\/media\/626843"}],"wp:attachment":[{"href":"https:\/\/aukinkochile.com\/web\/wp-json\/wp\/v2\/media?parent=569703"}],"wp:term":[{"taxonomy":"product_brand","embeddable":true,"href":"https:\/\/aukinkochile.com\/web\/wp-json\/wp\/v2\/product_brand?post=569703"},{"taxonomy":"product_cat","embeddable":true,"href":"https:\/\/aukinkochile.com\/web\/wp-json\/wp\/v2\/product_cat?post=569703"},{"taxonomy":"product_tag","embeddable":true,"href":"https:\/\/aukinkochile.com\/web\/wp-json\/wp\/v2\/product_tag?post=569703"}],"curies":[{"name":"wp","href":"https:\/\/api.w.org\/{rel}","templated":true}]}}