{"id":569685,"date":"2021-09-22T04:33:17","date_gmt":"2021-09-22T04:33:17","guid":{"rendered":"https:\/\/aukinkochile.com\/web\/producto\/muneca-genero-bebe\/"},"modified":"2025-07-28T16:47:58","modified_gmt":"2025-07-28T16:47:58","slug":"muneca-genero-bebe","status":"publish","type":"product","link":"https:\/\/aukinkochile.com\/web\/producto\/muneca-genero-bebe\/","title":{"rendered":"Mu\u00f1eca Genero Bebe c\/u"},"content":{"rendered":"<p>Hermosos 3 modelos de beb\u00e9s peque\u00f1os para llevar a todas partes, suaves y con los dise\u00f1os m\u00e1s tiernos. Precio por unidad.<\/p>\n<p><p><strong>Material : <\/strong> Poli\u00e9ster<\/p>\n<p><strong>C\u00f3digo Aukinko : <\/strong> 09-783164<\/p>\n<p><strong>C\u00f3digo Convenio Marco : <\/strong> x<\/p>\n","protected":false},"excerpt":{"rendered":"<p>Hermosos 3 modelos de beb\u00e9s peque\u00f1os para llevar a todas partes, suaves y con los dise\u00f1os m\u00e1s tiernos. Precio por unidad. Material : Poli\u00e9ster C\u00f3digo Aukinko : 09-783164 C\u00f3digo Convenio Marco : x<\/p>\n","protected":false},"featured_media":626840,"comment_status":"open","ping_status":"closed","template":"","meta":{"_et_pb_use_builder":"","_et_pb_old_content":"","_et_gb_content_width":""},"product_brand":[],"product_cat":[17,212,23],"product_tag":[],"class_list":{"0":"post-569685","1":"product","2":"type-product","3":"status-publish","4":"has-post-thumbnail","6":"product_cat-juegos-de-rol","7":"product_cat-munecos-y-figuras","8":"product_cat-primeros-anos","9":"pa_edad-0-a-1-ano","10":"pa_edad-1-a-2-anos","11":"pa_edad-2-a-3-anos","12":"pa_edad-3-a-4-anos","13":"pa_marca-lilliputiens","14":"pa_medidas-4-x-3-cm","16":"first","17":"instock","18":"shipping-taxable","19":"purchasable","20":"product-type-simple"},"aioseo_notices":[],"_links":{"self":[{"href":"https:\/\/aukinkochile.com\/web\/wp-json\/wp\/v2\/product\/569685","targetHints":{"allow":["GET"]}}],"collection":[{"href":"https:\/\/aukinkochile.com\/web\/wp-json\/wp\/v2\/product"}],"about":[{"href":"https:\/\/aukinkochile.com\/web\/wp-json\/wp\/v2\/types\/product"}],"replies":[{"embeddable":true,"href":"https:\/\/aukinkochile.com\/web\/wp-json\/wp\/v2\/comments?post=569685"}],"wp:featuredmedia":[{"embeddable":true,"href":"https:\/\/aukinkochile.com\/web\/wp-json\/wp\/v2\/media\/626840"}],"wp:attachment":[{"href":"https:\/\/aukinkochile.com\/web\/wp-json\/wp\/v2\/media?parent=569685"}],"wp:term":[{"taxonomy":"product_brand","embeddable":true,"href":"https:\/\/aukinkochile.com\/web\/wp-json\/wp\/v2\/product_brand?post=569685"},{"taxonomy":"product_cat","embeddable":true,"href":"https:\/\/aukinkochile.com\/web\/wp-json\/wp\/v2\/product_cat?post=569685"},{"taxonomy":"product_tag","embeddable":true,"href":"https:\/\/aukinkochile.com\/web\/wp-json\/wp\/v2\/product_tag?post=569685"}],"curies":[{"name":"wp","href":"https:\/\/api.w.org\/{rel}","templated":true}]}}