{"id":569458,"date":"2021-09-22T04:32:26","date_gmt":"2021-09-22T04:32:26","guid":{"rendered":"https:\/\/aukinkochile.com\/web\/producto\/ciencia-termometro-estudiante\/"},"modified":"2024-01-03T17:05:17","modified_gmt":"2024-01-03T17:05:17","slug":"ciencia-termometro-estudiante","status":"publish","type":"product","link":"https:\/\/aukinkochile.com\/web\/producto\/ciencia-termometro-estudiante\/","title":{"rendered":"Ciencia Term\u00f3metro Estudiante"},"content":{"rendered":"<p>Set de 10 term\u00f3metros para estudiantes. F\u00e1ciles de leer, con escalas en Fahrenheit y Celsius. Ideales para trabajar en grupo en actividades cient\u00edficas.<\/p>\n<p><p><strong>Material : <\/strong> PLASTICO<\/p>\n<p><strong>C\u00f3digo Aukinko : <\/strong> 09-40302<\/p>\n<p><strong>C\u00f3digo Convenio Marco : <\/strong> <\/p>\n","protected":false},"excerpt":{"rendered":"<p>Set de 10 term\u00f3metros para estudiantes. F\u00e1ciles de leer, con escalas en Fahrenheit y Celsius. Ideales para trabajar en grupo en actividades cient\u00edficas. Material : PLASTICO C\u00f3digo Aukinko : 09-40302 C\u00f3digo Convenio Marco :<\/p>\n","protected":false},"featured_media":626795,"comment_status":"open","ping_status":"closed","template":"","meta":{"_et_pb_use_builder":"","_et_pb_old_content":"","_et_gb_content_width":""},"product_brand":[],"product_cat":[91,92],"product_tag":[],"class_list":{"0":"post-569458","1":"product","2":"type-product","3":"status-publish","4":"has-post-thumbnail","6":"product_cat-accesorios-sala","7":"product_cat-ciencias","8":"pa_edad-10-anos","9":"pa_edad-6-a-8-anos","10":"pa_edad-8-a-10-anos","11":"pa_marca-learning","12":"pa_medidas-14-x-16-x-5-cm","14":"first","15":"instock","16":"sale","17":"shipping-taxable","18":"purchasable","19":"product-type-simple"},"aioseo_notices":[],"_links":{"self":[{"href":"https:\/\/aukinkochile.com\/web\/wp-json\/wp\/v2\/product\/569458","targetHints":{"allow":["GET"]}}],"collection":[{"href":"https:\/\/aukinkochile.com\/web\/wp-json\/wp\/v2\/product"}],"about":[{"href":"https:\/\/aukinkochile.com\/web\/wp-json\/wp\/v2\/types\/product"}],"replies":[{"embeddable":true,"href":"https:\/\/aukinkochile.com\/web\/wp-json\/wp\/v2\/comments?post=569458"}],"wp:featuredmedia":[{"embeddable":true,"href":"https:\/\/aukinkochile.com\/web\/wp-json\/wp\/v2\/media\/626795"}],"wp:attachment":[{"href":"https:\/\/aukinkochile.com\/web\/wp-json\/wp\/v2\/media?parent=569458"}],"wp:term":[{"taxonomy":"product_brand","embeddable":true,"href":"https:\/\/aukinkochile.com\/web\/wp-json\/wp\/v2\/product_brand?post=569458"},{"taxonomy":"product_cat","embeddable":true,"href":"https:\/\/aukinkochile.com\/web\/wp-json\/wp\/v2\/product_cat?post=569458"},{"taxonomy":"product_tag","embeddable":true,"href":"https:\/\/aukinkochile.com\/web\/wp-json\/wp\/v2\/product_tag?post=569458"}],"curies":[{"name":"wp","href":"https:\/\/api.w.org\/{rel}","templated":true}]}}