{"id":569434,"date":"2021-09-22T04:32:20","date_gmt":"2021-09-22T04:32:20","guid":{"rendered":"https:\/\/aukinkochile.com\/web\/producto\/pelota-emociones-set-6\/"},"modified":"2024-04-29T20:50:07","modified_gmt":"2024-04-29T20:50:07","slug":"pelota-emociones-set-6","status":"publish","type":"product","link":"https:\/\/aukinkochile.com\/web\/producto\/pelota-emociones-set-6\/","title":{"rendered":"Pelota Emociones set 6 pz"},"content":{"rendered":"<p>Set de 6 pelotas semi transparentes con decoraci\u00f3n impresa de las diferentes emociones, miedo, sorpresa, ira, tristeza, alegr\u00eda y preocupaci\u00f3n. (Stock limitado, preguntar por si necesita mas de una unidad)<\/p>\n<p><p><strong>Material : <\/strong> Plastico<\/p>\n<p><strong>C\u00f3digo Aukinko : <\/strong> 08-7151954<\/p>\n<p><strong>C\u00f3digo Convenio Marco : <\/strong> x<\/p>\n","protected":false},"excerpt":{"rendered":"<p>Set de 6 pelotas semi transparentes con decoraci\u00f3n impresa de las diferentes emociones, miedo, sorpresa, ira, tristeza, alegr\u00eda y preocupaci\u00f3n. (Stock limitado, preguntar por si necesita mas de una unidad) Material : Plastico C\u00f3digo Aukinko : 08-7151954 C\u00f3digo Convenio Marco : x<\/p>\n","protected":false},"featured_media":625867,"comment_status":"open","ping_status":"closed","template":"","meta":{"_et_pb_use_builder":"","_et_pb_old_content":"","_et_gb_content_width":""},"product_brand":[],"product_cat":[1005,91,148,18],"product_tag":[],"class_list":{"0":"post-569434","1":"product","2":"type-product","3":"status-publish","4":"has-post-thumbnail","6":"product_cat-accesorios-patio","7":"product_cat-accesorios-sala","8":"product_cat-deportes","9":"product_cat-motricidad-gruesa","10":"pa_edad-1-a-2-anos","11":"pa_edad-2-a-3-anos","12":"pa_edad-3-a-4-anos","13":"pa_edad-4-a-5-anos","14":"pa_edad-5-a-6-anos","15":"pa_edad-6-a-8-anos","16":"pa_marca-wesco","17":"pa_medidas-23-cm-diametro-cada-una","19":"first","20":"instock","21":"shipping-taxable","22":"purchasable","23":"product-type-simple"},"aioseo_notices":[],"_links":{"self":[{"href":"https:\/\/aukinkochile.com\/web\/wp-json\/wp\/v2\/product\/569434","targetHints":{"allow":["GET"]}}],"collection":[{"href":"https:\/\/aukinkochile.com\/web\/wp-json\/wp\/v2\/product"}],"about":[{"href":"https:\/\/aukinkochile.com\/web\/wp-json\/wp\/v2\/types\/product"}],"replies":[{"embeddable":true,"href":"https:\/\/aukinkochile.com\/web\/wp-json\/wp\/v2\/comments?post=569434"}],"wp:featuredmedia":[{"embeddable":true,"href":"https:\/\/aukinkochile.com\/web\/wp-json\/wp\/v2\/media\/625867"}],"wp:attachment":[{"href":"https:\/\/aukinkochile.com\/web\/wp-json\/wp\/v2\/media?parent=569434"}],"wp:term":[{"taxonomy":"product_brand","embeddable":true,"href":"https:\/\/aukinkochile.com\/web\/wp-json\/wp\/v2\/product_brand?post=569434"},{"taxonomy":"product_cat","embeddable":true,"href":"https:\/\/aukinkochile.com\/web\/wp-json\/wp\/v2\/product_cat?post=569434"},{"taxonomy":"product_tag","embeddable":true,"href":"https:\/\/aukinkochile.com\/web\/wp-json\/wp\/v2\/product_tag?post=569434"}],"curies":[{"name":"wp","href":"https:\/\/api.w.org\/{rel}","templated":true}]}}