{"id":569418,"date":"2021-09-22T04:32:17","date_gmt":"2021-09-22T04:32:17","guid":{"rendered":"https:\/\/aukinkochile.com\/web\/producto\/disfraz-cintura-caballo-lancelot\/"},"modified":"2024-04-29T20:49:54","modified_gmt":"2024-04-29T20:49:54","slug":"disfraz-cintura-caballo-lancelot","status":"publish","type":"product","link":"https:\/\/aukinkochile.com\/web\/producto\/disfraz-cintura-caballo-lancelot\/","title":{"rendered":"Disfraz Cintura Caballo Lancelot"},"content":{"rendered":"<p>Disfraz de g\u00e9nero en 3D que se coloca alrededor de la cintura. Un disfraz que fomenta el movimiento, es c\u00f3modo y se adapta a las necesidades de movimiento. De excelente calidad y dise\u00f1o. Se puede lavar a 30\u00ba. (Stock limitado, preguntar por si necesita m\u00e1s de una unidad).<\/p>\n<p><p><strong>Material : <\/strong> Genero<\/p>\n<p><strong>C\u00f3digo Aukinko : <\/strong> 08-7144077<\/p>\n<p><strong>C\u00f3digo Convenio Marco : <\/strong> x<\/p>\n","protected":false},"excerpt":{"rendered":"<p>Disfraz de g\u00e9nero en 3D que se coloca alrededor de la cintura. Un disfraz que fomenta el movimiento, es c\u00f3modo y se adapta a las necesidades de movimiento. De excelente calidad y dise\u00f1o. Se puede lavar a 30\u00ba. (Stock limitado, preguntar por si necesita m\u00e1s de una unidad). Material : Genero C\u00f3digo Aukinko : 08-7144077 [&hellip;]<\/p>\n","protected":false},"featured_media":625819,"comment_status":"open","ping_status":"closed","template":"","meta":{"_et_pb_use_builder":"","_et_pb_old_content":"","_et_gb_content_width":""},"product_brand":[],"product_cat":[91,17],"product_tag":[],"class_list":{"0":"post-569418","1":"product","2":"type-product","3":"status-publish","4":"has-post-thumbnail","6":"product_cat-accesorios-sala","7":"product_cat-juegos-de-rol","8":"pa_edad-1-a-2-anos","9":"pa_edad-2-a-3-anos","10":"pa_edad-3-a-4-anos","11":"pa_edad-4-a-5-anos","12":"pa_marca-wesco","13":"pa_medidas-35-cm-cintura-ajustable-hasta-70-cm","15":"first","16":"instock","17":"shipping-taxable","18":"purchasable","19":"product-type-simple"},"aioseo_notices":[],"_links":{"self":[{"href":"https:\/\/aukinkochile.com\/web\/wp-json\/wp\/v2\/product\/569418","targetHints":{"allow":["GET"]}}],"collection":[{"href":"https:\/\/aukinkochile.com\/web\/wp-json\/wp\/v2\/product"}],"about":[{"href":"https:\/\/aukinkochile.com\/web\/wp-json\/wp\/v2\/types\/product"}],"replies":[{"embeddable":true,"href":"https:\/\/aukinkochile.com\/web\/wp-json\/wp\/v2\/comments?post=569418"}],"wp:featuredmedia":[{"embeddable":true,"href":"https:\/\/aukinkochile.com\/web\/wp-json\/wp\/v2\/media\/625819"}],"wp:attachment":[{"href":"https:\/\/aukinkochile.com\/web\/wp-json\/wp\/v2\/media?parent=569418"}],"wp:term":[{"taxonomy":"product_brand","embeddable":true,"href":"https:\/\/aukinkochile.com\/web\/wp-json\/wp\/v2\/product_brand?post=569418"},{"taxonomy":"product_cat","embeddable":true,"href":"https:\/\/aukinkochile.com\/web\/wp-json\/wp\/v2\/product_cat?post=569418"},{"taxonomy":"product_tag","embeddable":true,"href":"https:\/\/aukinkochile.com\/web\/wp-json\/wp\/v2\/product_tag?post=569418"}],"curies":[{"name":"wp","href":"https:\/\/api.w.org\/{rel}","templated":true}]}}