{"id":569229,"date":"2021-09-22T04:31:43","date_gmt":"2021-09-22T04:31:43","guid":{"rendered":"https:\/\/aukinkochile.com\/web\/producto\/juego-saltar-discos\/"},"modified":"2025-11-06T18:41:57","modified_gmt":"2025-11-06T18:41:57","slug":"juego-saltar-discos","status":"publish","type":"product","link":"https:\/\/aukinkochile.com\/web\/producto\/juego-saltar-discos\/","title":{"rendered":"Juego Saltar Discos"},"content":{"rendered":"<p>Un emocionante juego de piso 3 en 1 para 2 a 4 jugadores. Un divertido juego tanto para interiores como exteriores, para convertir cualquier piso en tu juego de mesa gigante. Extiende los discos de colores y utiliza el spinner para decidir tu pr\u00f3ximo movimiento a trav\u00e9s de las piedras, los discos que desaparecen y la pista de carreras. Desarrolla habilidades de movimiento, coordinaci\u00f3n y concentraci\u00f3n y fomenta la actividad f\u00edsica. Promueve el juego familiar sin pantalla, ideal para d\u00edas lluviosos en interiores y d\u00edas soleados al aire libre. Contiene 16 discos de doble cara, tablero giratorio y gu\u00eda. Tama\u00f1o de los discos: 17 cm de di\u00e1metro. Dise\u00f1ado para ni\u00f1os de 4 a\u00f1os y m\u00e1s.<\/p>\n<p><p><strong>Material : <\/strong> Cart\u00f3n Grueso<\/p>\n<p><strong>C\u00f3digo Aukinko : <\/strong> 08-21005251<\/p>\n<p><strong>C\u00f3digo Convenio Marco : <\/strong> x<\/p>\n","protected":false},"excerpt":{"rendered":"<p>Un emocionante juego de piso 3 en 1 para 2 a 4 jugadores. Un divertido juego tanto para interiores como exteriores, para convertir cualquier piso en tu juego de mesa gigante. Extiende los discos de colores y utiliza el spinner para decidir tu pr\u00f3ximo movimiento a trav\u00e9s de las piedras, los discos que desaparecen y [&hellip;]<\/p>\n","protected":false},"featured_media":625313,"comment_status":"open","ping_status":"closed","template":"","meta":{"_et_pb_use_builder":"","_et_pb_old_content":"","_et_gb_content_width":""},"product_brand":[],"product_cat":[150,148,18],"product_tag":[],"class_list":{"0":"post-569229","1":"product","2":"type-product","3":"status-publish","4":"has-post-thumbnail","6":"product_cat-asociacion-y-logica","7":"product_cat-deportes","8":"product_cat-motricidad-gruesa","9":"pa_edad-4-a-5-anos","10":"pa_edad-5-a-6-anos","11":"pa_edad-6-a-8-anos","12":"pa_marca-galt","13":"pa_medidas-1-cm","14":"pa_medidas-2-x-32","15":"pa_medidas-4563","16":"pa_medidas-6-x-10","18":"first","19":"instock","20":"shipping-taxable","21":"purchasable","22":"product-type-simple"},"aioseo_notices":[],"_links":{"self":[{"href":"https:\/\/aukinkochile.com\/web\/wp-json\/wp\/v2\/product\/569229","targetHints":{"allow":["GET"]}}],"collection":[{"href":"https:\/\/aukinkochile.com\/web\/wp-json\/wp\/v2\/product"}],"about":[{"href":"https:\/\/aukinkochile.com\/web\/wp-json\/wp\/v2\/types\/product"}],"replies":[{"embeddable":true,"href":"https:\/\/aukinkochile.com\/web\/wp-json\/wp\/v2\/comments?post=569229"}],"wp:featuredmedia":[{"embeddable":true,"href":"https:\/\/aukinkochile.com\/web\/wp-json\/wp\/v2\/media\/625313"}],"wp:attachment":[{"href":"https:\/\/aukinkochile.com\/web\/wp-json\/wp\/v2\/media?parent=569229"}],"wp:term":[{"taxonomy":"product_brand","embeddable":true,"href":"https:\/\/aukinkochile.com\/web\/wp-json\/wp\/v2\/product_brand?post=569229"},{"taxonomy":"product_cat","embeddable":true,"href":"https:\/\/aukinkochile.com\/web\/wp-json\/wp\/v2\/product_cat?post=569229"},{"taxonomy":"product_tag","embeddable":true,"href":"https:\/\/aukinkochile.com\/web\/wp-json\/wp\/v2\/product_tag?post=569229"}],"curies":[{"name":"wp","href":"https:\/\/api.w.org\/{rel}","templated":true}]}}