{"id":568601,"date":"2021-09-22T04:29:46","date_gmt":"2021-09-22T04:29:46","guid":{"rendered":"https:\/\/aukinkochile.com\/web\/producto\/mosaico-200-pz-15-mm\/"},"modified":"2025-04-14T17:37:11","modified_gmt":"2025-04-14T17:37:11","slug":"mosaico-200-pz-15-mm","status":"publish","type":"product","link":"https:\/\/aukinkochile.com\/web\/producto\/mosaico-200-pz-15-mm\/","title":{"rendered":"Mosaico 15 mm 90 pz"},"content":{"rendered":"<p>Caja de mosaico de 90 piezas, en 4 tama\u00f1os diferentes, 5, 10, 15 y 20 mm. De material pl\u00e1stico duro, seguro y de variados colores. <\/p>\n<p><p><strong>Material : <\/strong> Pl\u00e1stico<\/p>\n<p><strong>C\u00f3digo Aukinko : <\/strong> 07-52514<\/p>\n<p><strong>C\u00f3digo Convenio Marco : <\/strong> <\/p>\n","protected":false},"excerpt":{"rendered":"<p>Caja de mosaico de 90 piezas, en 4 tama\u00f1os diferentes, 5, 10, 15 y 20 mm. De material pl\u00e1stico duro, seguro y de variados colores. Material : Pl\u00e1stico C\u00f3digo Aukinko : 07-52514 C\u00f3digo Convenio Marco :<\/p>\n","protected":false},"featured_media":626461,"comment_status":"open","ping_status":"closed","template":"","meta":{"_et_pb_use_builder":"","_et_pb_old_content":"","_et_gb_content_width":""},"product_brand":[],"product_cat":[21,19,20],"product_tag":[],"class_list":{"0":"post-568601","1":"product","2":"type-product","3":"status-publish","4":"has-post-thumbnail","6":"product_cat-arte-y-manipulacion","7":"product_cat-construccion","8":"product_cat-motricidad-fina","9":"pa_edad-4-a-5-anos","10":"pa_edad-5-a-6-anos","11":"pa_edad-6-a-8-anos","12":"pa_edad-8-a-10-anos","13":"pa_marca-quercetti","14":"pa_medidas-15-x-5-x-5-cm","16":"first","17":"instock","18":"shipping-taxable","19":"purchasable","20":"product-type-simple"},"aioseo_notices":[],"_links":{"self":[{"href":"https:\/\/aukinkochile.com\/web\/wp-json\/wp\/v2\/product\/568601","targetHints":{"allow":["GET"]}}],"collection":[{"href":"https:\/\/aukinkochile.com\/web\/wp-json\/wp\/v2\/product"}],"about":[{"href":"https:\/\/aukinkochile.com\/web\/wp-json\/wp\/v2\/types\/product"}],"replies":[{"embeddable":true,"href":"https:\/\/aukinkochile.com\/web\/wp-json\/wp\/v2\/comments?post=568601"}],"wp:featuredmedia":[{"embeddable":true,"href":"https:\/\/aukinkochile.com\/web\/wp-json\/wp\/v2\/media\/626461"}],"wp:attachment":[{"href":"https:\/\/aukinkochile.com\/web\/wp-json\/wp\/v2\/media?parent=568601"}],"wp:term":[{"taxonomy":"product_brand","embeddable":true,"href":"https:\/\/aukinkochile.com\/web\/wp-json\/wp\/v2\/product_brand?post=568601"},{"taxonomy":"product_cat","embeddable":true,"href":"https:\/\/aukinkochile.com\/web\/wp-json\/wp\/v2\/product_cat?post=568601"},{"taxonomy":"product_tag","embeddable":true,"href":"https:\/\/aukinkochile.com\/web\/wp-json\/wp\/v2\/product_tag?post=568601"}],"curies":[{"name":"wp","href":"https:\/\/api.w.org\/{rel}","templated":true}]}}