{"id":568591,"date":"2021-09-22T04:29:43","date_gmt":"2021-09-22T04:29:43","guid":{"rendered":"https:\/\/aukinkochile.com\/web\/producto\/mosaico-10-bases-transparentes\/"},"modified":"2025-04-14T17:36:55","modified_gmt":"2025-04-14T17:36:55","slug":"mosaico-10-bases-transparentes","status":"publish","type":"product","link":"https:\/\/aukinkochile.com\/web\/producto\/mosaico-10-bases-transparentes\/","title":{"rendered":"Mosaico Bases Transparente set 10"},"content":{"rendered":"<p>10 tableros perforados transparentes con agujeros especiales para el punto redondo. De gran calidad y resistencia. 29 x 24,5 x 1 cm c\/d plancha.<\/p>\n<p><p><strong>Material : <\/strong> Pl\u00e1stico<\/p>\n<p><strong>C\u00f3digo Aukinko : <\/strong> 07-52436<\/p>\n<p><strong>C\u00f3digo Convenio Marco : <\/strong> <\/p>\n","protected":false},"excerpt":{"rendered":"<p>10 tableros perforados transparentes con agujeros especiales para el punto redondo. De gran calidad y resistencia. 29 x 24,5 x 1 cm c\/d plancha. Material : Pl\u00e1stico C\u00f3digo Aukinko : 07-52436 C\u00f3digo Convenio Marco :<\/p>\n","protected":false},"featured_media":626457,"comment_status":"open","ping_status":"closed","template":"","meta":{"_et_pb_use_builder":"","_et_pb_old_content":"","_et_gb_content_width":""},"product_brand":[],"product_cat":[91,21,19,20],"product_tag":[],"class_list":{"0":"post-568591","1":"product","2":"type-product","3":"status-publish","4":"has-post-thumbnail","6":"product_cat-accesorios-sala","7":"product_cat-arte-y-manipulacion","8":"product_cat-construccion","9":"product_cat-motricidad-fina","10":"pa_edad-4-a-5-anos","11":"pa_edad-5-a-6-anos","12":"pa_edad-6-a-8-anos","13":"pa_edad-8-a-10-anos","14":"pa_marca-quercetti","15":"pa_medidas-29-x-24","16":"pa_medidas-5-x-12-cm-bolsa","18":"first","19":"instock","20":"shipping-taxable","21":"purchasable","22":"product-type-simple"},"aioseo_notices":[],"_links":{"self":[{"href":"https:\/\/aukinkochile.com\/web\/wp-json\/wp\/v2\/product\/568591","targetHints":{"allow":["GET"]}}],"collection":[{"href":"https:\/\/aukinkochile.com\/web\/wp-json\/wp\/v2\/product"}],"about":[{"href":"https:\/\/aukinkochile.com\/web\/wp-json\/wp\/v2\/types\/product"}],"replies":[{"embeddable":true,"href":"https:\/\/aukinkochile.com\/web\/wp-json\/wp\/v2\/comments?post=568591"}],"wp:featuredmedia":[{"embeddable":true,"href":"https:\/\/aukinkochile.com\/web\/wp-json\/wp\/v2\/media\/626457"}],"wp:attachment":[{"href":"https:\/\/aukinkochile.com\/web\/wp-json\/wp\/v2\/media?parent=568591"}],"wp:term":[{"taxonomy":"product_brand","embeddable":true,"href":"https:\/\/aukinkochile.com\/web\/wp-json\/wp\/v2\/product_brand?post=568591"},{"taxonomy":"product_cat","embeddable":true,"href":"https:\/\/aukinkochile.com\/web\/wp-json\/wp\/v2\/product_cat?post=568591"},{"taxonomy":"product_tag","embeddable":true,"href":"https:\/\/aukinkochile.com\/web\/wp-json\/wp\/v2\/product_tag?post=568591"}],"curies":[{"name":"wp","href":"https:\/\/api.w.org\/{rel}","templated":true}]}}