{"id":568531,"date":"2021-09-22T04:29:32","date_gmt":"2021-09-22T04:29:32","guid":{"rendered":"https:\/\/aukinkochile.com\/web\/producto\/construccion-modi-bloc\/"},"modified":"2025-04-14T17:35:56","modified_gmt":"2025-04-14T17:35:56","slug":"construccion-modi-bloc","status":"publish","type":"product","link":"https:\/\/aukinkochile.com\/web\/producto\/construccion-modi-bloc\/","title":{"rendered":"Construcci\u00f3n Modi Bloc"},"content":{"rendered":"<p>Set de Construcci\u00f3n de 30 piezas de bloques de madera con inserciones de pl\u00e1stico que permiten uniones dobles y carros pl\u00e1sticos sobre ruedas con lindos personajes. <\/p>\n<p><p><strong>Material : <\/strong> Pl\u00e1stico<\/p>\n<p><strong>C\u00f3digo Aukinko : <\/strong> 07-50702<\/p>\n<p><strong>C\u00f3digo Convenio Marco : <\/strong> <\/p>\n","protected":false},"excerpt":{"rendered":"<p>Set de Construcci\u00f3n de 30 piezas de bloques de madera con inserciones de pl\u00e1stico que permiten uniones dobles y carros pl\u00e1sticos sobre ruedas con lindos personajes. Material : Pl\u00e1stico C\u00f3digo Aukinko : 07-50702 C\u00f3digo Convenio Marco :<\/p>\n","protected":false},"featured_media":626425,"comment_status":"open","ping_status":"closed","template":"","meta":{"_et_pb_use_builder":"","_et_pb_old_content":"","_et_gb_content_width":""},"product_brand":[],"product_cat":[91,19,20],"product_tag":[],"class_list":{"0":"post-568531","1":"product","2":"type-product","3":"status-publish","4":"has-post-thumbnail","6":"product_cat-accesorios-sala","7":"product_cat-construccion","8":"product_cat-motricidad-fina","9":"pa_edad-3-a-4-anos","10":"pa_edad-4-a-5-anos","11":"pa_edad-5-a-6-anos","12":"pa_edad-6-a-8-anos","13":"pa_marca-quercetti","14":"pa_medidas-30-x-40-x-4-cm-caja","16":"first","17":"instock","18":"shipping-taxable","19":"purchasable","20":"product-type-simple"},"aioseo_notices":[],"_links":{"self":[{"href":"https:\/\/aukinkochile.com\/web\/wp-json\/wp\/v2\/product\/568531","targetHints":{"allow":["GET"]}}],"collection":[{"href":"https:\/\/aukinkochile.com\/web\/wp-json\/wp\/v2\/product"}],"about":[{"href":"https:\/\/aukinkochile.com\/web\/wp-json\/wp\/v2\/types\/product"}],"replies":[{"embeddable":true,"href":"https:\/\/aukinkochile.com\/web\/wp-json\/wp\/v2\/comments?post=568531"}],"wp:featuredmedia":[{"embeddable":true,"href":"https:\/\/aukinkochile.com\/web\/wp-json\/wp\/v2\/media\/626425"}],"wp:attachment":[{"href":"https:\/\/aukinkochile.com\/web\/wp-json\/wp\/v2\/media?parent=568531"}],"wp:term":[{"taxonomy":"product_brand","embeddable":true,"href":"https:\/\/aukinkochile.com\/web\/wp-json\/wp\/v2\/product_brand?post=568531"},{"taxonomy":"product_cat","embeddable":true,"href":"https:\/\/aukinkochile.com\/web\/wp-json\/wp\/v2\/product_cat?post=568531"},{"taxonomy":"product_tag","embeddable":true,"href":"https:\/\/aukinkochile.com\/web\/wp-json\/wp\/v2\/product_tag?post=568531"}],"curies":[{"name":"wp","href":"https:\/\/api.w.org\/{rel}","templated":true}]}}