{"id":568153,"date":"2021-09-22T04:28:25","date_gmt":"2021-09-22T04:28:25","guid":{"rendered":"https:\/\/aukinkochile.com\/web\/producto\/arte-espatulas-con-forma-4-pz\/"},"modified":"2024-11-11T21:20:58","modified_gmt":"2024-11-11T21:20:58","slug":"arte-espatulas-con-forma-4-pz","status":"publish","type":"product","link":"https:\/\/aukinkochile.com\/web\/producto\/arte-espatulas-con-forma-4-pz\/","title":{"rendered":"Arte Esp\u00e1tulas con Forma 4 pz"},"content":{"rendered":"<p>4 esp\u00e1tulas de diferentes colores y con diferentes formas. Para jugar en tierra y arena marcando formas, sirviendo como peque\u00f1as palas que dejan huellas diferentes. De brillantes colores y excelente calidad.<\/p>\n<p><p><strong>Material : <\/strong> Pl\u00e1stico<\/p>\n<p><strong>C\u00f3digo Aukinko : <\/strong> 05-555929<\/p>\n<p><strong>C\u00f3digo Convenio Marco : <\/strong> x<\/p>\n","protected":false},"excerpt":{"rendered":"<p>4 esp\u00e1tulas de diferentes colores y con diferentes formas. Para jugar en tierra y arena marcando formas, sirviendo como peque\u00f1as palas que dejan huellas diferentes. De brillantes colores y excelente calidad. Material : Pl\u00e1stico C\u00f3digo Aukinko : 05-555929 C\u00f3digo Convenio Marco : x<\/p>\n","protected":false},"featured_media":623390,"comment_status":"open","ping_status":"closed","template":"","meta":{"_et_pb_use_builder":"","_et_pb_old_content":"","_et_gb_content_width":""},"product_brand":[],"product_cat":[21],"product_tag":[],"class_list":{"0":"post-568153","1":"product","2":"type-product","3":"status-publish","4":"has-post-thumbnail","6":"product_cat-arte-y-manipulacion","7":"pa_edad-2-a-3-anos","8":"pa_edad-3-a-4-anos","9":"pa_edad-4-a-5-anos","10":"pa_edad-5-a-6-anos","11":"pa_edad-6-a-8-anos","12":"pa_marca-gowi","13":"pa_medidas-25-x-8","14":"pa_medidas-5-x-1-cm","16":"first","17":"instock","18":"shipping-taxable","19":"purchasable","20":"product-type-simple"},"aioseo_notices":[],"_links":{"self":[{"href":"https:\/\/aukinkochile.com\/web\/wp-json\/wp\/v2\/product\/568153","targetHints":{"allow":["GET"]}}],"collection":[{"href":"https:\/\/aukinkochile.com\/web\/wp-json\/wp\/v2\/product"}],"about":[{"href":"https:\/\/aukinkochile.com\/web\/wp-json\/wp\/v2\/types\/product"}],"replies":[{"embeddable":true,"href":"https:\/\/aukinkochile.com\/web\/wp-json\/wp\/v2\/comments?post=568153"}],"wp:featuredmedia":[{"embeddable":true,"href":"https:\/\/aukinkochile.com\/web\/wp-json\/wp\/v2\/media\/623390"}],"wp:attachment":[{"href":"https:\/\/aukinkochile.com\/web\/wp-json\/wp\/v2\/media?parent=568153"}],"wp:term":[{"taxonomy":"product_brand","embeddable":true,"href":"https:\/\/aukinkochile.com\/web\/wp-json\/wp\/v2\/product_brand?post=568153"},{"taxonomy":"product_cat","embeddable":true,"href":"https:\/\/aukinkochile.com\/web\/wp-json\/wp\/v2\/product_cat?post=568153"},{"taxonomy":"product_tag","embeddable":true,"href":"https:\/\/aukinkochile.com\/web\/wp-json\/wp\/v2\/product_tag?post=568153"}],"curies":[{"name":"wp","href":"https:\/\/api.w.org\/{rel}","templated":true}]}}