{"id":568111,"date":"2021-09-22T04:28:18","date_gmt":"2021-09-22T04:28:18","guid":{"rendered":"https:\/\/aukinkochile.com\/web\/producto\/vehiculo-garaje\/"},"modified":"2025-01-14T12:58:43","modified_gmt":"2025-01-14T12:58:43","slug":"vehiculo-garaje","status":"publish","type":"product","link":"https:\/\/aukinkochile.com\/web\/producto\/vehiculo-garaje\/","title":{"rendered":"Veh\u00edculo Garaje"},"content":{"rendered":"<p>Garaje para que los m\u00e1s peque\u00f1os se diviertan jugando. Contiene 1 garaje con 2 casetas con puertas y un arco con anillos, 2 autitos de colores, 2 llaves para abrir las 2 puertas del garaje, y 3 rampas de bajada. De hermoso dise\u00f1o, colores brillantes y excelente material. 36 x 19 x 15 cm garaje armado, autito 8 x 5,5 x 4 cm.<\/p>\n<p><strong>Material : <\/strong> Pl\u00e1stico<\/p>\n<p><strong>C\u00f3digo Aukinko : <\/strong> 05-545524<\/p>\n<p><strong>C\u00f3digo Convenio Marco : <\/strong> x<\/p>\n","protected":false},"excerpt":{"rendered":"<p>Garaje para que los m\u00e1s peque\u00f1os se diviertan jugando. Contiene 1 garaje con 2 casetas con puertas y un arco con anillos, 2 autitos de colores, 2 llaves para abrir las 2 puertas del garaje, y 3 rampas de bajada. De hermoso dise\u00f1o, colores brillantes y excelente material. 36 x 19 x 15 cm garaje [&hellip;]<\/p>\n","protected":false},"featured_media":623359,"comment_status":"open","ping_status":"closed","template":"","meta":{"_et_pb_use_builder":"","_et_pb_old_content":"","_et_gb_content_width":""},"product_brand":[],"product_cat":[17],"product_tag":[],"class_list":{"0":"post-568111","1":"product","2":"type-product","3":"status-publish","4":"has-post-thumbnail","6":"product_cat-juegos-de-rol","7":"pa_edad-2-a-3-anos","8":"pa_edad-3-a-4-anos","9":"pa_edad-4-a-5-anos","10":"pa_edad-5-a-6-anos","11":"pa_edad-6-a-8-anos","12":"pa_marca-gowi","13":"pa_medidas-38-x-25-x-16-cm-caja","15":"first","16":"instock","17":"sale","18":"shipping-taxable","19":"purchasable","20":"product-type-simple"},"aioseo_notices":[],"_links":{"self":[{"href":"https:\/\/aukinkochile.com\/web\/wp-json\/wp\/v2\/product\/568111","targetHints":{"allow":["GET"]}}],"collection":[{"href":"https:\/\/aukinkochile.com\/web\/wp-json\/wp\/v2\/product"}],"about":[{"href":"https:\/\/aukinkochile.com\/web\/wp-json\/wp\/v2\/types\/product"}],"replies":[{"embeddable":true,"href":"https:\/\/aukinkochile.com\/web\/wp-json\/wp\/v2\/comments?post=568111"}],"wp:featuredmedia":[{"embeddable":true,"href":"https:\/\/aukinkochile.com\/web\/wp-json\/wp\/v2\/media\/623359"}],"wp:attachment":[{"href":"https:\/\/aukinkochile.com\/web\/wp-json\/wp\/v2\/media?parent=568111"}],"wp:term":[{"taxonomy":"product_brand","embeddable":true,"href":"https:\/\/aukinkochile.com\/web\/wp-json\/wp\/v2\/product_brand?post=568111"},{"taxonomy":"product_cat","embeddable":true,"href":"https:\/\/aukinkochile.com\/web\/wp-json\/wp\/v2\/product_cat?post=568111"},{"taxonomy":"product_tag","embeddable":true,"href":"https:\/\/aukinkochile.com\/web\/wp-json\/wp\/v2\/product_tag?post=568111"}],"curies":[{"name":"wp","href":"https:\/\/api.w.org\/{rel}","templated":true}]}}