{"id":568017,"date":"2021-09-22T04:28:03","date_gmt":"2021-09-22T04:28:03","guid":{"rendered":"https:\/\/aukinkochile.com\/web\/producto\/cometa-active-loop\/"},"modified":"2023-10-20T16:00:37","modified_gmt":"2023-10-20T16:00:37","slug":"cometa-active-loop","status":"publish","type":"product","link":"https:\/\/aukinkochile.com\/web\/producto\/cometa-active-loop\/","title":{"rendered":"Cometa Active Loop"},"content":{"rendered":"<p>Cometas desarrolladas en conjunto con profesionales, son de material de alta calidad. Varillas hechas de fibra de vidrio resistente, velas hechas de poli\u00e9ster resistente al desgarro y cordones de alta calidad con ruedas.<\/p>\n<p><p><strong>Material : <\/strong> POLIESTER<\/p>\n<p><strong>C\u00f3digo Aukinko : <\/strong> 05-1084<\/p>\n<p><strong>C\u00f3digo Convenio Marco : <\/strong> <\/p>\n","protected":false},"excerpt":{"rendered":"<p>Cometas desarrolladas en conjunto con profesionales, son de material de alta calidad. Varillas hechas de fibra de vidrio resistente, velas hechas de poli\u00e9ster resistente al desgarro y cordones de alta calidad con ruedas. Material : POLIESTER C\u00f3digo Aukinko : 05-1084 C\u00f3digo Convenio Marco :<\/p>\n","protected":false},"featured_media":623311,"comment_status":"open","ping_status":"closed","template":"","meta":{"_et_pb_use_builder":"","_et_pb_old_content":"","_et_gb_content_width":""},"product_brand":[],"product_cat":[1005,18],"product_tag":[],"class_list":{"0":"post-568017","1":"product","2":"type-product","3":"status-publish","4":"has-post-thumbnail","6":"product_cat-accesorios-patio","7":"product_cat-motricidad-gruesa","8":"pa_edad-10-anos","9":"pa_marca-gunther","10":"pa_medidas-160-x-80-cm","12":"first","13":"instock","14":"shipping-taxable","15":"purchasable","16":"product-type-simple"},"aioseo_notices":[],"_links":{"self":[{"href":"https:\/\/aukinkochile.com\/web\/wp-json\/wp\/v2\/product\/568017","targetHints":{"allow":["GET"]}}],"collection":[{"href":"https:\/\/aukinkochile.com\/web\/wp-json\/wp\/v2\/product"}],"about":[{"href":"https:\/\/aukinkochile.com\/web\/wp-json\/wp\/v2\/types\/product"}],"replies":[{"embeddable":true,"href":"https:\/\/aukinkochile.com\/web\/wp-json\/wp\/v2\/comments?post=568017"}],"wp:featuredmedia":[{"embeddable":true,"href":"https:\/\/aukinkochile.com\/web\/wp-json\/wp\/v2\/media\/623311"}],"wp:attachment":[{"href":"https:\/\/aukinkochile.com\/web\/wp-json\/wp\/v2\/media?parent=568017"}],"wp:term":[{"taxonomy":"product_brand","embeddable":true,"href":"https:\/\/aukinkochile.com\/web\/wp-json\/wp\/v2\/product_brand?post=568017"},{"taxonomy":"product_cat","embeddable":true,"href":"https:\/\/aukinkochile.com\/web\/wp-json\/wp\/v2\/product_cat?post=568017"},{"taxonomy":"product_tag","embeddable":true,"href":"https:\/\/aukinkochile.com\/web\/wp-json\/wp\/v2\/product_tag?post=568017"}],"curies":[{"name":"wp","href":"https:\/\/api.w.org\/{rel}","templated":true}]}}